{"id":174,"date":"2023-06-18T15:43:02","date_gmt":"2023-06-18T18:43:02","guid":{"rendered":"https:\/\/igc.usp.br\/simposiopgigc\/?page_id=174"},"modified":"2025-06-18T09:32:05","modified_gmt":"2025-06-18T12:32:05","slug":"simposio21","status":"publish","type":"page","link":"https:\/\/igc.usp.br\/simposiopgigc\/simposio21\/","title":{"rendered":"Bem vindo! O 2\u00ba Simp\u00f3sio da P\u00f3s-Gradua\u00e7\u00e3o do Instituto de Geoci\u00eancias da USP ser\u00e1 realizado nos dias 19 e 20 de agosto de 2021, no formato online. O evento contar\u00e1 com palestras, apresenta\u00e7\u00f5es orais, p\u00f4steres e mesa redonda. As inscri\u00e7\u00f5es e submiss\u00f5es de resumos poder\u00e3o ser feitas at\u00e9 16\/07! Participem!"},"content":{"rendered":"\n<h2 class=\"wp-block-heading\">Certificados<\/h2>\n\n\n\n<p>C<a href=\"https:\/\/drive.google.com\/drive\/folders\/1HlIS59YCF41AmxqdflmZ4xFDZoD5bsCT?usp=sharing\" data-type=\"URL\" data-id=\"https:\/\/drive.google.com\/drive\/folders\/1HlIS59YCF41AmxqdflmZ4xFDZoD5bsCT?usp=sharing\">ertificados de apresenta\u00e7\u00e3o<\/a><\/p>\n\n\n\n<p><a href=\"https:\/\/drive.google.com\/drive\/folders\/1ErcdgL2EruOImMMAE8Ik6vrN7I3RqLRD?usp=sharing\">Certificados de melhores apresenta\u00e7\u00f5es<\/a><\/p>\n\n\n\n<h2 class=\"wp-block-heading\">Boletim de Resumos<\/h2>\n\n\n\n<div class=\"wp-block-file\"><a id=\"wp-block-file--media-c5252bab-d458-4ad1-b567-7058bced25b0\" href=\"https:\/\/igc.usp.br\/simposiopgigc\/wp-content\/uploads\/sites\/25\/2021\/08\/Boletim-de-Resumos-2o-Simposio-PG-IGc-USP.pdf\">Boletim-de-Resumos-2o-Simposio-PG-IGc-USP<\/a><a href=\"https:\/\/igc.usp.br\/simposiopgigc\/wp-content\/uploads\/sites\/25\/2021\/08\/Boletim-de-Resumos-2o-Simposio-PG-IGc-USP.pdf\" class=\"wp-block-file__button wp-element-button\" download aria-describedby=\"wp-block-file--media-c5252bab-d458-4ad1-b567-7058bced25b0\">Baixar<\/a><\/div>\n\n\n\n<h2 class=\"wp-block-heading\">Programa\u00e7\u00e3o<\/h2>\n\n\n\n<div class=\"wp-block-file\"><a id=\"wp-block-file--media-1ea17a31-6acd-43cd-aff6-7753d698046c\" href=\"https:\/\/igc.usp.br\/simposiopgigc\/wp-content\/uploads\/sites\/25\/2021\/08\/Programacao-resumida.pdf\">Programa\u00e7\u00e3o Resumida<\/a><a href=\"https:\/\/igc.usp.br\/simposiopgigc\/wp-content\/uploads\/sites\/25\/2021\/08\/Programacao-resumida.pdf\" class=\"wp-block-file__button wp-element-button\" download aria-describedby=\"wp-block-file--media-1ea17a31-6acd-43cd-aff6-7753d698046c\">Baixar<\/a><\/div>\n\n\n\n<div class=\"wp-block-file\"><a id=\"wp-block-file--media-000195be-e670-43b7-90e1-e8d06c56fa8a\" href=\"https:\/\/igc.usp.br\/simposiopgigc\/wp-content\/uploads\/sites\/25\/2021\/08\/Programacao-completa-1.pdf\">Programa\u00e7\u00e3o Completa<\/a><a href=\"https:\/\/igc.usp.br\/simposiopgigc\/wp-content\/uploads\/sites\/25\/2021\/08\/Programacao-completa-1.pdf\" class=\"wp-block-file__button wp-element-button\" download aria-describedby=\"wp-block-file--media-000195be-e670-43b7-90e1-e8d06c56fa8a\">Baixar<\/a><\/div>\n\n\n\n<h2 class=\"wp-block-heading\">Inscri\u00e7\u00f5es<\/h2>\n\n\n\n<p>Preencha o formul\u00e1rio do link abaixo:<\/p>\n\n\n\n<p><a href=\"https:\/\/docs.google.com\/forms\/d\/e\/1FAIpQLSeWC55LjgZY9Z_sGLVg2GKAX4Ax9opdCq-stk45SNEzPrnf5Q\/viewform\">https:\/\/docs.google.com\/forms\/d\/e\/1FAIpQLSeWC55LjgZY9Z_sGLVg2GKAX4Ax9opdCq-stk45SNEzPrnf5Q\/viewform<\/a><\/p>\n\n\n\n<h2 class=\"wp-block-heading\">Transmiss\u00f5es<\/h2>\n\n\n\n<p>Dia 19 &#8211;&nbsp;<a rel=\"noreferrer noopener\" href=\"https:\/\/youtu.be\/8i1Asj4Ah6s\" target=\"_blank\">https:\/\/youtu.be\/8i1Asj4Ah6s<\/a><br>Dia 20 &#8211;&nbsp;<a rel=\"noreferrer noopener\" href=\"https:\/\/youtu.be\/UyGqUBHJnLU\" target=\"_blank\">https:\/\/youtu.be\/UyGqUBHJnLU<\/a><\/p>\n\n\n\n<h2 class=\"wp-block-heading\">Templates<\/h2>\n\n\n\n<div class=\"wp-block-file\"><a id=\"wp-block-file--media-8c162ff1-5036-4f74-89b6-783a5515ce2a\" href=\"https:\/\/igc.usp.br\/simposiopgigc\/wp-content\/uploads\/sites\/25\/2021\/07\/Template_Poster.pptx\">Template_Poster<\/a><a href=\"https:\/\/igc.usp.br\/simposiopgigc\/wp-content\/uploads\/sites\/25\/2021\/07\/Template_Poster.pptx\" class=\"wp-block-file__button wp-element-button\" download aria-describedby=\"wp-block-file--media-8c162ff1-5036-4f74-89b6-783a5515ce2a\">Download<\/a><\/div>\n\n\n\n<div class=\"wp-block-file\"><a id=\"wp-block-file--media-72af30d2-f82e-430d-acdd-8e9414ccc8e9\" href=\"https:\/\/igc.usp.br\/simposiopgigc\/wp-content\/uploads\/sites\/25\/2021\/07\/Template_apresentacao-oral.pptx\">Template_apresentacao-oral<\/a><a href=\"https:\/\/igc.usp.br\/simposiopgigc\/wp-content\/uploads\/sites\/25\/2021\/07\/Template_apresentacao-oral.pptx\" class=\"wp-block-file__button wp-element-button\" download aria-describedby=\"wp-block-file--media-72af30d2-f82e-430d-acdd-8e9414ccc8e9\">Download<\/a><\/div>\n\n\n\n<p><\/p>\n\n\n\n<figure class=\"wp-block-image aligncenter size-large\"><img fetchpriority=\"high\" decoding=\"async\" width=\"724\" height=\"1024\" src=\"http:\/\/igc.usp.br\/simposiopgigc\/wp-content\/uploads\/sites\/25\/2021\/06\/Copia-de-2\u00b0-simposio-da-pos-graduacao-1-724x1024.jpg\" alt=\"\" class=\"wp-image-110\" srcset=\"https:\/\/igc.usp.br\/simposiopgigc\/wp-content\/uploads\/sites\/25\/2021\/06\/Copia-de-2\u00b0-simposio-da-pos-graduacao-1-724x1024.jpg 724w, https:\/\/igc.usp.br\/simposiopgigc\/wp-content\/uploads\/sites\/25\/2021\/06\/Copia-de-2\u00b0-simposio-da-pos-graduacao-1-212x300.jpg 212w, https:\/\/igc.usp.br\/simposiopgigc\/wp-content\/uploads\/sites\/25\/2021\/06\/Copia-de-2\u00b0-simposio-da-pos-graduacao-1-768x1086.jpg 768w, https:\/\/igc.usp.br\/simposiopgigc\/wp-content\/uploads\/sites\/25\/2021\/06\/Copia-de-2\u00b0-simposio-da-pos-graduacao-1-1086x1536.jpg 1086w, https:\/\/igc.usp.br\/simposiopgigc\/wp-content\/uploads\/sites\/25\/2021\/06\/Copia-de-2\u00b0-simposio-da-pos-graduacao-1.jpg 1414w\" sizes=\"(max-width: 724px) 100vw, 724px\" \/><\/figure>\n\n\n\n<figure class=\"wp-block-image aligncenter size-large\"><img decoding=\"async\" width=\"724\" height=\"1024\" src=\"https:\/\/igc.usp.br\/simposiopgigc\/wp-content\/uploads\/sites\/25\/2021\/07\/palestras-1-724x1024.jpg\" alt=\"\" class=\"wp-image-120\" srcset=\"https:\/\/igc.usp.br\/simposiopgigc\/wp-content\/uploads\/sites\/25\/2021\/07\/palestras-1-724x1024.jpg 724w, https:\/\/igc.usp.br\/simposiopgigc\/wp-content\/uploads\/sites\/25\/2021\/07\/palestras-1-212x300.jpg 212w, https:\/\/igc.usp.br\/simposiopgigc\/wp-content\/uploads\/sites\/25\/2021\/07\/palestras-1-768x1086.jpg 768w, https:\/\/igc.usp.br\/simposiopgigc\/wp-content\/uploads\/sites\/25\/2021\/07\/palestras-1-1086x1536.jpg 1086w, https:\/\/igc.usp.br\/simposiopgigc\/wp-content\/uploads\/sites\/25\/2021\/07\/palestras-1.jpg 1414w\" sizes=\"(max-width: 724px) 100vw, 724px\" \/><\/figure>\n","protected":false},"excerpt":{"rendered":"<p>Certificados Certificados de apresenta\u00e7\u00e3o Certificados de melhores apresenta\u00e7\u00f5es Boletim de Resumos Programa\u00e7\u00e3o Inscri\u00e7\u00f5es Preencha o formul\u00e1rio do link abaixo: https:\/\/docs.google.com\/forms\/d\/e\/1FAIpQLSeWC55LjgZY9Z_sGLVg2GKAX4Ax9opdCq-stk45SNEzPrnf5Q\/viewform Transmiss\u00f5es Dia 19 &#8211;&nbsp;https:\/\/youtu.be\/8i1Asj4Ah6sDia 20 &#8211;&nbsp;https:\/\/youtu.be\/UyGqUBHJnLU Templates<\/p>\n","protected":false},"author":31,"featured_media":0,"parent":0,"menu_order":0,"comment_status":"closed","ping_status":"closed","template":"","meta":{"_acf_changed":false,"om_disable_all_campaigns":false,"_monsterinsights_skip_tracking":false,"_monsterinsights_sitenote_active":false,"_monsterinsights_sitenote_note":"","_monsterinsights_sitenote_category":0,"_uf_show_specific_survey":0,"_uf_disable_surveys":false,"footnotes":"","_links_to":"","_links_to_target":""},"class_list":["post-174","page","type-page","status-publish","hentry"],"blocksy_meta":[],"acf":[],"aioseo_notices":[],"publishpress_future_action":{"enabled":false,"date":"2026-05-21 14:33:28","action":"change-status","newStatus":"draft","terms":[],"taxonomy":"language","extraData":[]},"publishpress_future_workflow_manual_trigger":{"enabledWorkflows":[]},"_links":{"self":[{"href":"https:\/\/igc.usp.br\/simposiopgigc\/wp-json\/wp\/v2\/pages\/174","targetHints":{"allow":["GET"]}}],"collection":[{"href":"https:\/\/igc.usp.br\/simposiopgigc\/wp-json\/wp\/v2\/pages"}],"about":[{"href":"https:\/\/igc.usp.br\/simposiopgigc\/wp-json\/wp\/v2\/types\/page"}],"author":[{"embeddable":true,"href":"https:\/\/igc.usp.br\/simposiopgigc\/wp-json\/wp\/v2\/users\/31"}],"replies":[{"embeddable":true,"href":"https:\/\/igc.usp.br\/simposiopgigc\/wp-json\/wp\/v2\/comments?post=174"}],"version-history":[{"count":3,"href":"https:\/\/igc.usp.br\/simposiopgigc\/wp-json\/wp\/v2\/pages\/174\/revisions"}],"predecessor-version":[{"id":332,"href":"https:\/\/igc.usp.br\/simposiopgigc\/wp-json\/wp\/v2\/pages\/174\/revisions\/332"}],"wp:attachment":[{"href":"https:\/\/igc.usp.br\/simposiopgigc\/wp-json\/wp\/v2\/media?parent=174"}],"curies":[{"name":"wp","href":"https:\/\/api.w.org\/{rel}","templated":true}]}}