{"id":77,"date":"2018-09-27T14:24:20","date_gmt":"2018-09-27T17:24:20","guid":{"rendered":"http:\/\/sites.igc.usp.br\/posgraduacao\/?page_id=77"},"modified":"2021-02-16T20:09:49","modified_gmt":"2021-02-16T23:09:49","slug":"rmh","status":"publish","type":"page","link":"https:\/\/igc.usp.br\/posgraduacao\/rmh\/","title":{"rendered":"Recursos Minerais e Hidrogeologia"},"content":{"rendered":"\n<figure class=\"wp-block-embed aligncenter is-type-video is-provider-youtube wp-block-embed-youtube wp-embed-aspect-16-9 wp-has-aspect-ratio\"><div class=\"wp-block-embed__wrapper\">\n<div class=\"video-container\"><iframe title=\"Programa de P\u00f3s-Gradua\u00e7\u00e3o \u2022 Recursos Minerais e Hidrogeologia\" width=\"500\" height=\"281\" src=\"https:\/\/www.youtube.com\/embed\/MkuT1AmBPzM?feature=oembed&#038;wmode=opaque\" frameborder=\"0\" allow=\"accelerometer; autoplay; clipboard-write; encrypted-media; gyroscope; picture-in-picture; web-share\" referrerpolicy=\"strict-origin-when-cross-origin\" allowfullscreen><\/iframe><\/div>\n<\/div><\/figure>\n\n\n\n<p>O Programa de P\u00f3s-Gradua\u00e7\u00e3o em Recursos Minerais e Hidrogeologia possui car\u00e1ter aplicado, fundamentado em pesquisas inseridas na fronteira do conhecimento geol\u00f3gico, e tem como objetivo a capacita\u00e7\u00e3o dos alunos nas \u00e1reas dos Recursos Minerais e H\u00eddricos, Geologia Ambiental e Desenvolvimento Sustent\u00e1vel. O programa estrutura-se em duas \u00e1reas de concentra\u00e7\u00e3o: Hidrogeologia e Meio Ambiente e Recursos Minerais e Meio Ambiente. Em ambas, h\u00e1 consistente aplica\u00e7\u00e3o das geotecnologias (geoestat\u00edstica, geof\u00edsica, sistemas de informa\u00e7\u00f5es georreferenciadas e sensoriamento remoto) e m\u00faltiplas t\u00e9cnicas anal\u00edticas.<\/p>\n\n\n\n<p>A \u00e1rea de Hidrogeologia e Meio Ambiente visa ao estudo do manejo, avalia\u00e7\u00e3o e aproveitamento dos recursos h\u00eddricos subterr\u00e2neos, al\u00e9m da aplica\u00e7\u00e3o de hidrogeoqu\u00edmica, hidrologia isot\u00f3pica e o desenvolvimento de metodologias para redu\u00e7\u00e3o dos riscos da contamina\u00e7\u00e3o e remedia\u00e7\u00e3o de solos e aqu\u00edferos, bem como de estudos do ordenamento territorial, incluindo o uso de t\u00e9cnicas de geoprocessamento. A \u00e1rea responde a uma crescente demanda da sociedade, que busca a sustentabilidade do uso dos recursos h\u00eddricos e ambientes mais saud\u00e1veis, e o enfrentamento dos problemas decorrentes das mudan\u00e7as clim\u00e1ticas globais e da elevada demanda por \u00e1gua das diversas atividades urbanas, agr\u00edcolas e agroindustriais.<\/p>\n\n\n\n<p>A \u00e1rea de Recursos Minerais e Meio Ambiente tem natureza multidisciplinar e busca a identifica\u00e7\u00e3o e an\u00e1lise de atributos descritivos dos dep\u00f3sitos minerais met\u00e1licos e n\u00e3o met\u00e1licos, a caracteriza\u00e7\u00e3o de processos e modelos metalogen\u00e9ticos, a proposi\u00e7\u00e3o de modelos explorat\u00f3rios e a avalia\u00e7\u00e3o de recursos minerais, assim como avalia\u00e7\u00e3o do meio f\u00edsico e dos impactos ambientais associados \u00e0 minera\u00e7\u00e3o.<\/p>\n\n\n\n<p>A descoberta de novos dep\u00f3sitos minerais \u00e9 uma necessidade urgente que precisar\u00e1 cada vez mais de ge\u00f3logos especializados e exigir\u00e1, progressivamente, maior rigor e conhecimento cient\u00edfico. Adicionalmente, a explota\u00e7\u00e3o mineral n\u00e3o pode mais ser dissociada dos conceitos de desenvolvimento sustent\u00e1vel e de pr\u00e1ticas ambientais rigorosas. Dessa forma, avan\u00e7os na Geologia Ambiental, com \u00eanfase no acompanhamento de todas as etapas de projetos de explora\u00e7\u00e3o mineral e na recupera\u00e7\u00e3o e reabilita\u00e7\u00e3o de \u00e1reas degradadas s\u00e3o tamb\u00e9m fundamentais.<\/p>\n","protected":false},"excerpt":{"rendered":"<p>O Programa de P\u00f3s-Gradua\u00e7\u00e3o em Recursos Minerais e Hidrogeologia possui car\u00e1ter aplicado, fundamentado em pesquisas inseridas na fronteira do conhecimento&#46;&#46;&#46;<\/p>\n","protected":false},"author":1,"featured_media":0,"parent":0,"menu_order":8,"comment_status":"closed","ping_status":"closed","template":"","meta":{"_acf_changed":false,"om_disable_all_campaigns":false,"_monsterinsights_skip_tracking":false,"_monsterinsights_sitenote_active":false,"_monsterinsights_sitenote_note":"","_monsterinsights_sitenote_category":0,"_uf_show_specific_survey":0,"_uf_disable_surveys":false,"footnotes":"","_links_to":"","_links_to_target":""},"class_list":["post-77","page","type-page","status-publish","hentry"],"acf":[],"aioseo_notices":[],"publishpress_future_action":{"enabled":false,"date":"2026-05-22 17:34:25","action":"change-status","newStatus":"draft","terms":[],"taxonomy":"language","extraData":[]},"publishpress_future_workflow_manual_trigger":{"enabledWorkflows":[]},"_links":{"self":[{"href":"https:\/\/igc.usp.br\/posgraduacao\/wp-json\/wp\/v2\/pages\/77","targetHints":{"allow":["GET"]}}],"collection":[{"href":"https:\/\/igc.usp.br\/posgraduacao\/wp-json\/wp\/v2\/pages"}],"about":[{"href":"https:\/\/igc.usp.br\/posgraduacao\/wp-json\/wp\/v2\/types\/page"}],"author":[{"embeddable":true,"href":"https:\/\/igc.usp.br\/posgraduacao\/wp-json\/wp\/v2\/users\/1"}],"replies":[{"embeddable":true,"href":"https:\/\/igc.usp.br\/posgraduacao\/wp-json\/wp\/v2\/comments?post=77"}],"version-history":[{"count":6,"href":"https:\/\/igc.usp.br\/posgraduacao\/wp-json\/wp\/v2\/pages\/77\/revisions"}],"predecessor-version":[{"id":1094,"href":"https:\/\/igc.usp.br\/posgraduacao\/wp-json\/wp\/v2\/pages\/77\/revisions\/1094"}],"wp:attachment":[{"href":"https:\/\/igc.usp.br\/posgraduacao\/wp-json\/wp\/v2\/media?parent=77"}],"curies":[{"name":"wp","href":"https:\/\/api.w.org\/{rel}","templated":true}]}}