{"id":330,"date":"2018-10-02T09:38:05","date_gmt":"2018-10-02T12:38:05","guid":{"rendered":"http:\/\/sites.igc.usp.br\/posgraduacao\/?page_id=330"},"modified":"2018-10-02T09:38:06","modified_gmt":"2018-10-02T12:38:06","slug":"teses-e-dissertacoes","status":"publish","type":"page","link":"https:\/\/igc.usp.br\/posgraduacao\/rmh\/teses-e-dissertacoes\/","title":{"rendered":"Teses e Disserta\u00e7\u00f5es"},"content":{"rendered":"\n<p>Clique nos links abaixo para visualizar as teses e disserta\u00e7\u00f5es das \u00e1reas do Programa:<\/p>\n\n\n\n<p>\u00c1rea:\u00a0<a href=\"http:\/\/www.teses.usp.br\/index.php?option=com_jumi&amp;fileid=9&amp;Itemid=159&amp;lang=pt-br&amp;id=44137&amp;prog=44002&amp;exp=0\" target=\"_blank\" rel=\"noreferrer noopener\">Recursos Minerais e Meio Ambiente<\/a><\/p>\n\n\n\n<p>\u00c1rea:\u00a0<a href=\"http:\/\/www.teses.usp.br\/index.php?option=com_jumi&amp;fileid=9&amp;Itemid=159&amp;lang=pt-br&amp;id=44133&amp;prog=44002&amp;exp=0\" target=\"_blank\" rel=\"noreferrer noopener\">Recursos Minerais e Hidrogeologia<\/a><\/p>\n","protected":false},"excerpt":{"rendered":"<p>Clique nos links abaixo para visualizar as teses e disserta\u00e7\u00f5es das \u00e1reas do Programa: \u00c1rea:\u00a0Recursos Minerais e Meio Ambiente \u00c1rea:\u00a0Recursos&#46;&#46;&#46;<\/p>\n","protected":false},"author":1,"featured_media":0,"parent":77,"menu_order":6,"comment_status":"closed","ping_status":"closed","template":"","meta":{"_acf_changed":false,"om_disable_all_campaigns":false,"_monsterinsights_skip_tracking":false,"_monsterinsights_sitenote_active":false,"_monsterinsights_sitenote_note":"","_monsterinsights_sitenote_category":0,"_uf_show_specific_survey":0,"_uf_disable_surveys":false,"footnotes":"","_links_to":"","_links_to_target":""},"class_list":["post-330","page","type-page","status-publish","hentry"],"acf":[],"aioseo_notices":[],"publishpress_future_action":{"enabled":false,"date":"2026-04-18 21:10:50","action":"change-status","newStatus":"draft","terms":[],"taxonomy":"language","extraData":[]},"publishpress_future_workflow_manual_trigger":{"enabledWorkflows":[]},"_links":{"self":[{"href":"https:\/\/igc.usp.br\/posgraduacao\/wp-json\/wp\/v2\/pages\/330","targetHints":{"allow":["GET"]}}],"collection":[{"href":"https:\/\/igc.usp.br\/posgraduacao\/wp-json\/wp\/v2\/pages"}],"about":[{"href":"https:\/\/igc.usp.br\/posgraduacao\/wp-json\/wp\/v2\/types\/page"}],"author":[{"embeddable":true,"href":"https:\/\/igc.usp.br\/posgraduacao\/wp-json\/wp\/v2\/users\/1"}],"replies":[{"embeddable":true,"href":"https:\/\/igc.usp.br\/posgraduacao\/wp-json\/wp\/v2\/comments?post=330"}],"version-history":[{"count":1,"href":"https:\/\/igc.usp.br\/posgraduacao\/wp-json\/wp\/v2\/pages\/330\/revisions"}],"predecessor-version":[{"id":331,"href":"https:\/\/igc.usp.br\/posgraduacao\/wp-json\/wp\/v2\/pages\/330\/revisions\/331"}],"up":[{"embeddable":true,"href":"https:\/\/igc.usp.br\/posgraduacao\/wp-json\/wp\/v2\/pages\/77"}],"wp:attachment":[{"href":"https:\/\/igc.usp.br\/posgraduacao\/wp-json\/wp\/v2\/media?parent=330"}],"curies":[{"name":"wp","href":"https:\/\/api.w.org\/{rel}","templated":true}]}}