{"id":135,"date":"2017-12-22T15:20:43","date_gmt":"2017-12-22T17:20:43","guid":{"rendered":"http:\/\/www2.igc.usp.br\/labpetro\/?page_id=135"},"modified":"2024-01-19T15:13:04","modified_gmt":"2024-01-19T18:13:04","slug":"equipe","status":"publish","type":"page","link":"https:\/\/igc.usp.br\/labpetro\/equipe\/","title":{"rendered":"Equipe"},"content":{"rendered":"\n<h2 class=\"wp-block-heading\">Professores Respons\u00e1veis<\/h2>\n\n\n\n<p>Paulo C\u00e9sar Boggiani<br>Andr\u00e9 Marconato<\/p>\n\n\n\n<h2 class=\"wp-block-heading\">Funcion\u00e1rios Respons\u00e1veis<\/h2>\n\n\n\n<p>Jordana Acu\u00f1a Zampelli (t\u00e9cnica laboratorista)<br>Isaac Jamil Sayeg (suplente da t\u00e9cnica)<\/p>\n","protected":false},"excerpt":{"rendered":"<p>Professores Respons\u00e1veis Paulo C\u00e9sar BoggianiAndr\u00e9 Marconato Funcion\u00e1rios Respons\u00e1veis Jordana Acu\u00f1a Zampelli (t\u00e9cnica laboratorista)Isaac Jamil Sayeg (suplente da t\u00e9cnica)<\/p>\n","protected":false},"author":12,"featured_media":0,"parent":0,"menu_order":0,"comment_status":"closed","ping_status":"closed","template":"","meta":{"_acf_changed":false,"om_disable_all_campaigns":false,"_monsterinsights_skip_tracking":false,"_monsterinsights_sitenote_active":false,"_monsterinsights_sitenote_note":"","_monsterinsights_sitenote_category":0,"_uf_show_specific_survey":0,"_uf_disable_surveys":false,"footnotes":"","_links_to":"","_links_to_target":""},"class_list":["post-135","page","type-page","status-publish","hentry"],"acf":[],"aioseo_notices":[],"publishpress_future_action":{"enabled":false,"date":"2026-04-10 21:45:14","action":"change-status","newStatus":"draft","terms":[],"taxonomy":"language","extraData":[]},"publishpress_future_workflow_manual_trigger":{"enabledWorkflows":[]},"_links":{"self":[{"href":"https:\/\/igc.usp.br\/labpetro\/wp-json\/wp\/v2\/pages\/135","targetHints":{"allow":["GET"]}}],"collection":[{"href":"https:\/\/igc.usp.br\/labpetro\/wp-json\/wp\/v2\/pages"}],"about":[{"href":"https:\/\/igc.usp.br\/labpetro\/wp-json\/wp\/v2\/types\/page"}],"author":[{"embeddable":true,"href":"https:\/\/igc.usp.br\/labpetro\/wp-json\/wp\/v2\/users\/12"}],"replies":[{"embeddable":true,"href":"https:\/\/igc.usp.br\/labpetro\/wp-json\/wp\/v2\/comments?post=135"}],"version-history":[{"count":4,"href":"https:\/\/igc.usp.br\/labpetro\/wp-json\/wp\/v2\/pages\/135\/revisions"}],"predecessor-version":[{"id":533,"href":"https:\/\/igc.usp.br\/labpetro\/wp-json\/wp\/v2\/pages\/135\/revisions\/533"}],"wp:attachment":[{"href":"https:\/\/igc.usp.br\/labpetro\/wp-json\/wp\/v2\/media?parent=135"}],"curies":[{"name":"wp","href":"https:\/\/api.w.org\/{rel}","templated":true}]}}