{"id":90,"date":"2019-02-27T10:59:42","date_gmt":"2019-02-27T13:59:42","guid":{"rendered":"http:\/\/sites.igc.usp.br\/graduacao\/?page_id=90"},"modified":"2026-04-22T17:16:51","modified_gmt":"2026-04-22T20:16:51","slug":"formularios","status":"publish","type":"page","link":"https:\/\/igc.usp.br\/graduacao\/formularios\/","title":{"rendered":"Formul\u00e1rios"},"content":{"rendered":"\n<h3 class=\"wp-block-heading\">Requerimentos \u00e0 Comiss\u00e3o de Gradua\u00e7\u00e3o<\/h3>\n\n\n\n<p>Por meio deste formul\u00e1rio, o aluno poder\u00e1 solicitar:<\/p>\n\n\n\n<ul class=\"wp-block-list\">\n<li>Recurso de matr\u00edcula;<\/li>\n\n\n\n<li>Matr\u00edcula fora do prazo;<\/li>\n\n\n\n<li>Exclus\u00e3o de matr\u00edcula fora do prazo;<\/li>\n\n\n\n<li>Regulariza\u00e7\u00e3o de matr\u00edcula com menos de 12 cr\u00e9ditos-aula;<\/li>\n\n\n\n<li>Trancamento total de matr\u00edcula;<\/li>\n\n\n\n<li>Regime de guarda religiosa;<\/li>\n\n\n\n<li>Retorno ao curso;<\/li>\n\n\n\n<li>Outras solicita\u00e7\u00f5es acad\u00eamicas, devidamente justificadas.<\/li>\n<\/ul>\n\n\n\n<p>Link: <a href=\"https:\/\/forms.gle\/8PtALq8wYspvc3pa8\" target=\"_blank\" rel=\"noopener\" title=\"\">https:\/\/forms.gle\/8PtALq8wYspvc3pa8<\/a><\/p>\n\n\n\n<p><\/p>\n\n\n\n<h3 class=\"wp-block-heading\">Formul\u00e1rios de Est\u00e1gio &#8211; LiGEA<\/h3>\n\n\n\n<p>Os formul\u00e1rios abaixo s\u00e3o destinados exclusivamente aos alunos do curso de Licenciatura em Geoci\u00eancias e Educa\u00e7\u00e3o Ambiental para registro de horas de Est\u00e1gio Supervisionado realizadas em disciplinas obrigat\u00f3rias do IGc.<\/p>\n\n\n\n<div class=\"wp-block-file\"><a href=\"http:\/\/sites.igc.usp.br\/graduacao\/wp-content\/uploads\/sites\/9\/2019\/02\/Horas_de_Estagio_LiGEA.pdf\">Horas_de_Estagio_LiGEA.pdf<\/a><a href=\"http:\/\/sites.igc.usp.br\/graduacao\/wp-content\/uploads\/sites\/9\/2019\/02\/Horas_de_Estagio_LiGEA.pdf\" class=\"wp-block-file__button wp-element-button\" download>Baixar<\/a><\/div>\n\n\n\n<div class=\"wp-block-file\"><a id=\"wp-block-file--media-402b6b42-b707-4763-bf63-a465a83050b1\" href=\"https:\/\/igc.usp.br\/graduacao\/wp-content\/uploads\/sites\/9\/2024\/11\/Estagio-LiGEA.docx\">Horas de Est\u00e1gio LiGEA.docx<\/a><a href=\"https:\/\/igc.usp.br\/graduacao\/wp-content\/uploads\/sites\/9\/2024\/11\/Estagio-LiGEA.docx\" class=\"wp-block-file__button wp-element-button\" download aria-describedby=\"wp-block-file--media-402b6b42-b707-4763-bf63-a465a83050b1\">Baixar<\/a><\/div>\n\n\n\n<p><\/p>\n","protected":false},"excerpt":{"rendered":"<p>Requerimentos \u00e0 Comiss\u00e3o de Gradua\u00e7\u00e3o Por meio deste formul\u00e1rio, o aluno poder\u00e1 solicitar: Link: https:\/\/forms.gle\/8PtALq8wYspvc3pa8 Formul\u00e1rios de Est\u00e1gio &#8211; LiGEA&#46;&#46;&#46;<\/p>\n","protected":false},"author":1,"featured_media":0,"parent":0,"menu_order":0,"comment_status":"closed","ping_status":"closed","template":"","meta":{"_acf_changed":false,"om_disable_all_campaigns":false,"_monsterinsights_skip_tracking":false,"_monsterinsights_sitenote_active":false,"_monsterinsights_sitenote_note":"","_monsterinsights_sitenote_category":0,"_uf_show_specific_survey":0,"_uf_disable_surveys":false,"footnotes":"","_links_to":"","_links_to_target":""},"class_list":["post-90","page","type-page","status-publish","hentry"],"acf":[],"aioseo_notices":[],"publishpress_future_action":{"enabled":false,"date":"2026-05-16 04:08:43","action":"change-status","newStatus":"draft","terms":[],"taxonomy":"language","extraData":[]},"publishpress_future_workflow_manual_trigger":{"enabledWorkflows":[]},"_links":{"self":[{"href":"https:\/\/igc.usp.br\/graduacao\/wp-json\/wp\/v2\/pages\/90","targetHints":{"allow":["GET"]}}],"collection":[{"href":"https:\/\/igc.usp.br\/graduacao\/wp-json\/wp\/v2\/pages"}],"about":[{"href":"https:\/\/igc.usp.br\/graduacao\/wp-json\/wp\/v2\/types\/page"}],"author":[{"embeddable":true,"href":"https:\/\/igc.usp.br\/graduacao\/wp-json\/wp\/v2\/users\/1"}],"replies":[{"embeddable":true,"href":"https:\/\/igc.usp.br\/graduacao\/wp-json\/wp\/v2\/comments?post=90"}],"version-history":[{"count":8,"href":"https:\/\/igc.usp.br\/graduacao\/wp-json\/wp\/v2\/pages\/90\/revisions"}],"predecessor-version":[{"id":1533,"href":"https:\/\/igc.usp.br\/graduacao\/wp-json\/wp\/v2\/pages\/90\/revisions\/1533"}],"wp:attachment":[{"href":"https:\/\/igc.usp.br\/graduacao\/wp-json\/wp\/v2\/media?parent=90"}],"curies":[{"name":"wp","href":"https:\/\/api.w.org\/{rel}","templated":true}]}}