{"id":23,"date":"2018-10-23T16:41:25","date_gmt":"2018-10-23T19:41:25","guid":{"rendered":"http:\/\/sites.igc.usp.br\/gmg\/?page_id=23"},"modified":"2024-02-06T11:28:55","modified_gmt":"2024-02-06T14:28:55","slug":"organizacao","status":"publish","type":"page","link":"https:\/\/igc.usp.br\/gmg\/organizacao\/","title":{"rendered":"Organiza\u00e7\u00e3o"},"content":{"rendered":"\n<h2 class=\"wp-block-heading\">Chefia do GMG<\/h2>\n\n\n\n<p><em>(Mandato de 02\/2024 a 02\/2026)<\/em><\/p>\n\n\n\n<h3 class=\"wp-block-heading\">Chefia<\/h3>\n\n\n\n<p> Profa. Dra. Eliane Aparecida Del Lama<\/p>\n\n\n\n<h3 class=\"wp-block-heading\">Suplente da Chefia do GMG<\/h3>\n\n\n\n<p>Prof. Dr. F\u00e1bio Ramos Dias de Andrade<\/p>\n\n\n\n<h2 class=\"wp-block-heading\">Secretaria do GMG<\/h2>\n\n\n\n<h3 class=\"wp-block-heading\">Secret\u00e1ria<\/h3>\n\n\n\n<p>Sonia Gomes Costa Vieira<\/p>\n\n\n\n<h2 class=\"wp-block-heading\">Composi\u00e7\u00e3o do Conselho do GMG<\/h2>\n\n\n\n<p><em>(bi\u00eanio&nbsp;2023\/2024)<\/em><\/p>\n\n\n\n<h3 class=\"wp-block-heading\">Professores Titulares<\/h3>\n\n\n\n<h4 class=\"wp-block-heading\">Titulares<\/h4>\n\n\n\n<p>Daniel Atencio<br>Marcos Egydio Silva<br>Mario da Costa Campos Neto<br>Marly Babinski<br>Valdecir de Assis Janasi<\/p>\n\n\n\n<h3 class=\"wp-block-heading\">Professores Associados<\/h3>\n\n\n\n<h4 class=\"wp-block-heading\">Titulares<\/h4>\n\n\n\n<p>Carlos Jos\u00e9 Archanjo<br>Eliane Aparecida Del Lama<br>F\u00e1bio Ramos Dias de Andrade<br>Maria Helena Bezerra Maia de Hollanda<br>Maria Irene Bartolomeu Raposo<\/p>\n\n\n\n<p><strong>Suplentes<\/strong><\/p>\n\n\n\n<p>Renato de Moraes<br>Maria da Gl\u00f3ria Motta Garcia<br>Rog\u00e9rio Guitarrari Azzone<br>Adriana Alves<\/p>\n\n\n\n<h3 class=\"wp-block-heading\">Professores Doutores<\/h3>\n\n\n\n<h4 class=\"wp-block-heading\">Titulares<\/h4>\n\n\n\n<p>Cau\u00ea Rodrigues Cioffi<br>Renato Henrique Pinto (<em>suplente<\/em>)<\/p>\n\n\n\n<p>Cl\u00e1udia Regina Passarelli<br>Brenda Chung da Rocha (<em>suplente<\/em>)<\/p>\n\n\n\n<p>Maur\u00edcio Parra Amezquita<br>Claudio Alejandro Salazar Moura (<em>suplente<\/em>)<\/p>\n\n\n\n<h3 class=\"wp-block-heading\">Representa\u00e7\u00e3o Discente<\/h3>\n\n\n\n<p><strong>Titular<\/strong><br>Julia Cristina Bandeira Lino de Souza<br>Gyovana Patr\u00edcia Gon\u00e7alves Costa (<em>suplente<\/em>)<\/p>\n\n\n\n<h2 class=\"wp-block-heading\">Composi\u00e7\u00e3o da Comiss\u00e3o de Ensino do GMG<\/h2>\n\n\n\n<p>Prof. Dr. Gaston Eduardo Enrich Rojas<br>Profa. Dra. Maria da Gl\u00f3ria Motta Garcia<br>Prof. Dr. Renato de Moraes<\/p>\n\n\n\n<h2 class=\"wp-block-heading\">Composi\u00e7\u00e3o da Comiss\u00e3o de Litoteca do GMG<\/h2>\n\n\n\n<p>Prof. Dr. Frederico Meira Faleiros<br>Profa. Dra. Maria Irene Bartolomeu Raposo<\/p>\n","protected":false},"excerpt":{"rendered":"<p>Chefia do GMG (Mandato de 02\/2024 a 02\/2026) Chefia Profa. Dra. Eliane Aparecida Del Lama Suplente da Chefia do GMG Prof. Dr. F\u00e1bio Ramos Dias de Andrade Secretaria do GMG Secret\u00e1ria Sonia Gomes Costa&#46;&#46;&#46;<\/p>\n","protected":false},"author":1,"featured_media":0,"parent":0,"menu_order":0,"comment_status":"closed","ping_status":"closed","template":"","meta":{"_acf_changed":false,"om_disable_all_campaigns":false,"_monsterinsights_skip_tracking":false,"_monsterinsights_sitenote_active":false,"_monsterinsights_sitenote_note":"","_monsterinsights_sitenote_category":0,"_uf_show_specific_survey":0,"_uf_disable_surveys":false,"footnotes":"","_links_to":"","_links_to_target":""},"class_list":["post-23","page","type-page","status-publish","hentry"],"acf":[],"aioseo_notices":[],"publishpress_future_action":{"enabled":false,"date":"2026-04-21 23:10:55","action":"change-status","newStatus":"draft","terms":[],"taxonomy":"language","extraData":[]},"publishpress_future_workflow_manual_trigger":{"enabledWorkflows":[]},"_links":{"self":[{"href":"https:\/\/igc.usp.br\/gmg\/wp-json\/wp\/v2\/pages\/23","targetHints":{"allow":["GET"]}}],"collection":[{"href":"https:\/\/igc.usp.br\/gmg\/wp-json\/wp\/v2\/pages"}],"about":[{"href":"https:\/\/igc.usp.br\/gmg\/wp-json\/wp\/v2\/types\/page"}],"author":[{"embeddable":true,"href":"https:\/\/igc.usp.br\/gmg\/wp-json\/wp\/v2\/users\/1"}],"replies":[{"embeddable":true,"href":"https:\/\/igc.usp.br\/gmg\/wp-json\/wp\/v2\/comments?post=23"}],"version-history":[{"count":6,"href":"https:\/\/igc.usp.br\/gmg\/wp-json\/wp\/v2\/pages\/23\/revisions"}],"predecessor-version":[{"id":110,"href":"https:\/\/igc.usp.br\/gmg\/wp-json\/wp\/v2\/pages\/23\/revisions\/110"}],"wp:attachment":[{"href":"https:\/\/igc.usp.br\/gmg\/wp-json\/wp\/v2\/media?parent=23"}],"curies":[{"name":"wp","href":"https:\/\/api.w.org\/{rel}","templated":true}]}}