{"id":6,"date":"2018-10-09T09:11:05","date_gmt":"2018-10-09T12:11:05","guid":{"rendered":"http:\/\/sites.igc.usp.br\/geologiausp\/?page_id=6"},"modified":"2025-06-26T10:17:40","modified_gmt":"2025-06-26T13:17:40","slug":"a-revista","status":"publish","type":"page","link":"https:\/\/igc.usp.br\/geologiausp\/","title":{"rendered":"A Revista"},"content":{"rendered":"\n<blockquote class=\"wp-block-quote is-layout-flow wp-block-quote-is-layout-flow\">\n<p><strong>Revista Geologia USP. S\u00e9rie Cient\u00edfica.<\/strong><\/p>\n\n\n\n<p>Seguindo a tend\u00eancia das publica\u00e7\u00f5es nacionais e internacionais, a partir de janeiro de 2017,&nbsp;a edi\u00e7\u00e3o impressa da Revista Geologia USP. S\u00e9rie Cient\u00edfica, foi descontinuada.&nbsp;Seus volumes online &nbsp;(PDF ou E-Book),&nbsp;podem ser acessados nos seguintes links:<\/p>\n\n\n\n<p><a href=\"https:\/\/www.revistas.usp.br\/guspsc\/issue\/archive\">Portal de Revistas da USP<\/a><\/p>\n\n\n\n<p><a href=\"https:\/\/ppegeo.igc.usp.br\/portal\/index.php\/colecoes\/\" title=\"\">Portal de Peri\u00f3dicos Eletr\u00f4nicos em Geoci\u00eancias &#8211; PPGeo<\/a><\/p>\n<\/blockquote>\n\n\n\n<h2 class=\"wp-block-heading\">Geologia USP<\/h2>\n\n\n\n<p>A divulga\u00e7\u00e3o cient\u00edfica a cargo do Instituto de Geoci\u00eancias da USP, iniciou-se em 1970 com o Boletim IGA, ao qual se seguiu o Boletim IG, em 1972. A revista&nbsp;<strong>&#8220;G<\/strong><strong>eologia USP&#8221;<\/strong>, criada em 2001, substituiu esse Boletim, tendo em vista a necessidade de total reformula\u00e7\u00e3o, incluindo a ado\u00e7\u00e3o de um&nbsp;<em>layout<\/em>&nbsp;atualizado, a amplia\u00e7\u00e3o do corpo consultivo, o incremento da qualidade do interc\u00e2mbio e da frequ\u00eancia das publica\u00e7\u00f5es. A&nbsp;<strong>&#8220;G<\/strong><strong>eologia USP&#8221;<\/strong>&nbsp;\u00e9 um importante ve\u00edculo cient\u00edfico, por meio de seus tr\u00eas produtos:&nbsp;<strong>S\u00e9rie Cient\u00edfic<\/strong><strong>a<\/strong>,&nbsp;<strong>Publica\u00e7\u00e3o Especial<\/strong>&nbsp;e&nbsp;<strong>S\u00e9rie Did\u00e1tica<\/strong>.<\/p>\n\n\n\n<h3 class=\"wp-block-heading\">S\u00e9rie Cient\u00edfica<\/h3>\n\n\n<div class=\"wp-block-image\">\n<figure class=\"alignleft\"><a href=\"https:\/\/www.revistas.usp.br\/guspsc\/issue\/archive\"><img decoding=\"async\" width=\"99\" height=\"131\" src=\"http:\/\/sites.igc.usp.br\/geologiausp\/wp-content\/uploads\/sites\/12\/2018\/10\/capa_sc1.jpg\" alt=\"\" class=\"wp-image-7\" \/><\/a><\/figure>\n<\/div>\n\n\n<p>A S\u00e9rie Cient\u00edfica \u00e9 dedicada \u00e0 divulga\u00e7\u00e3o de artigos in\u00e9ditos, nas diversas \u00e1reas da Geologia, criteriosamente avaliados e revisados por corpo editorial qualificado, abrangendo interc\u00e2mbio com as principais bibliotecas na \u00e1rea de conhecimento de universidades brasileiras e estrangeiras. Est\u00e1 indexada em expressivas bases de dados cient\u00edficos do mundo, tais como DOAJ, LATINDEX, American Geological Institute \u2013 GEOREF, Zoological Record \u2013 BIOSIS, Geo Abstracts (Elsevier) \u2013 GEOBASE, SCOPUS \u2013 SCOPUS, CAPES\/QUALIS, EBSCO Publishing, Scholar Google, <a href=\"https:\/\/revistas.usp.br\/guspsc\" title=\"\">Portal de revistas USP<\/a>, <a href=\"https:\/\/ppegeo.igc.usp.br\/portal\/index.php\/colecoes\/\" title=\"\">PPEGeo<\/a>.. <\/p>\n\n\n\n<h3 class=\"wp-block-heading\">Publica\u00e7\u00e3o Especial<\/h3>\n\n\n<div class=\"wp-block-image\">\n<figure class=\"alignleft\"><a href=\"https:\/\/www.revistas.usp.br\/gusppe\/\"><img decoding=\"async\" width=\"99\" height=\"131\" src=\"http:\/\/sites.igc.usp.br\/geologiausp\/wp-content\/uploads\/sites\/12\/2018\/10\/capa_pe1.jpg\" alt=\"\" class=\"wp-image-8\" \/><\/a><\/figure>\n<\/div>\n\n\n<p>Destina-se a publicar assuntos tem\u00e1ticos diversos, abrangendo revis\u00f5es que demandam trabalhos mais longos e as contribui\u00e7\u00f5es cient\u00edficas que fazem parte de eventos. Essa publica\u00e7\u00e3o est\u00e1 indexada nas bases de dados BIOSIS e GEOREF. Assim como a S\u00e9rie Cient\u00edfica, foi totalmente reformulada em 2001, e est\u00e1 no site da revista, www.igc.usp.br\/geologiausp, desde 2003 com artigos completos on line, incluindo-se tamb\u00e9m os publicados nos antigos Boletins IG e IGA. Faz parte do Portal de Peri\u00f3dicos Eletr\u00f4nicos em Geoci\u00eancias,\u00a0<a href=\"https:\/\/ppegeo.igc.usp.br\/portal\/index.php\/colecoes\/\" title=\"\">ppgeo.igc.usp.br<\/a>, utilizando a metodologia SciELO.<\/p>\n\n\n\n<h3 class=\"wp-block-heading\">S\u00e9rie Did\u00e1tica<\/h3>\n\n\n<div class=\"wp-block-image\">\n<figure class=\"alignleft\"><a href=\"https:\/\/www.revistas.usp.br\/guspsd\/\"><img decoding=\"async\" width=\"99\" height=\"132\" src=\"http:\/\/sites.igc.usp.br\/geologiausp\/wp-content\/uploads\/sites\/12\/2018\/10\/capa_sd1.jpg\" alt=\"\" class=\"wp-image-9\" \/><\/a><\/figure>\n<\/div>\n\n\n<p>Re\u00fane temas para uso nos cursos de Gradua\u00e7\u00e3o e P\u00f3s-gradua\u00e7\u00e3o. \u00c0 semelhan\u00e7a dos outros dois tipos de publica\u00e7\u00f5es foi totalmente reformulada em 2001, e est\u00e1 no site da revista, www.igc.usp.br\/geologiausp, desde 2003 com artigos completos on line, incluindo-se tamb\u00e9m os publicados nos antigos Boletins IG e IGA. Integrante do Portal de Peri\u00f3dicos Eletr\u00f4nicos em Geoci\u00eancias,\u00a0<a href=\"https:\/\/ppegeo.igc.usp.br\/portal\/index.php\/colecoes\/\" title=\"\">ppgeo.igc.usp.br<\/a>, tamb\u00e9m utiliza a metodologia SciELO.<\/p>\n\n\n\n<p><\/p>\n","protected":false},"excerpt":{"rendered":"<p>Revista Geologia USP. S\u00e9rie Cient\u00edfica. Seguindo a tend\u00eancia das publica\u00e7\u00f5es nacionais e internacionais, a partir de janeiro de 2017,&nbsp;a edi\u00e7\u00e3o impressa da Revista Geologia USP. S\u00e9rie Cient\u00edfica, foi descontinuada.&nbsp;Seus volumes online &nbsp;(PDF ou E-Book),&nbsp;podem&#46;&#46;&#46;<\/p>\n","protected":false},"author":1,"featured_media":0,"parent":0,"menu_order":0,"comment_status":"closed","ping_status":"closed","template":"","meta":{"_acf_changed":false,"om_disable_all_campaigns":false,"_monsterinsights_skip_tracking":false,"_monsterinsights_sitenote_active":false,"_monsterinsights_sitenote_note":"","_monsterinsights_sitenote_category":0,"_uf_show_specific_survey":0,"_uf_disable_surveys":false,"footnotes":"","_links_to":"","_links_to_target":""},"class_list":["post-6","page","type-page","status-publish","hentry"],"acf":[],"aioseo_notices":[],"publishpress_future_action":{"enabled":false,"date":"2026-04-17 19:10:26","action":"change-status","newStatus":"draft","terms":[],"taxonomy":"language","extraData":[]},"publishpress_future_workflow_manual_trigger":{"enabledWorkflows":[]},"_links":{"self":[{"href":"https:\/\/igc.usp.br\/geologiausp\/wp-json\/wp\/v2\/pages\/6","targetHints":{"allow":["GET"]}}],"collection":[{"href":"https:\/\/igc.usp.br\/geologiausp\/wp-json\/wp\/v2\/pages"}],"about":[{"href":"https:\/\/igc.usp.br\/geologiausp\/wp-json\/wp\/v2\/types\/page"}],"author":[{"embeddable":true,"href":"https:\/\/igc.usp.br\/geologiausp\/wp-json\/wp\/v2\/users\/1"}],"replies":[{"embeddable":true,"href":"https:\/\/igc.usp.br\/geologiausp\/wp-json\/wp\/v2\/comments?post=6"}],"version-history":[{"count":11,"href":"https:\/\/igc.usp.br\/geologiausp\/wp-json\/wp\/v2\/pages\/6\/revisions"}],"predecessor-version":[{"id":355,"href":"https:\/\/igc.usp.br\/geologiausp\/wp-json\/wp\/v2\/pages\/6\/revisions\/355"}],"wp:attachment":[{"href":"https:\/\/igc.usp.br\/geologiausp\/wp-json\/wp\/v2\/media?parent=6"}],"curies":[{"name":"wp","href":"https:\/\/api.w.org\/{rel}","templated":true}]}}