{"id":53,"date":"2018-10-29T14:07:17","date_gmt":"2018-10-29T17:07:17","guid":{"rendered":"http:\/\/sites.igc.usp.br\/geoanalitica\/?page_id=53"},"modified":"2018-10-29T14:07:19","modified_gmt":"2018-10-29T17:07:19","slug":"laboratorio-de-inclusoes-fluidas","status":"publish","type":"page","link":"https:\/\/igc.usp.br\/geoanalitica\/laboratorios-de-pesquisa\/laboratorio-de-inclusoes-fluidas\/","title":{"rendered":"Laborat\u00f3rio de Inclus\u00f5es Flu\u00eddas"},"content":{"rendered":"\n<h2 class=\"wp-block-heading\">Docentes respons\u00e1veis<\/h2>\n\n\n\n<p><a href=\"http:\/\/lattes.cnpq.br\/6287624855922912\">Prof. Dr. F\u00e1bio Ramos Dias de Andrade<\/a><br><a href=\"http:\/\/lattes.cnpq.br\/1460935168710629\">Prof. Dr. Frederico Meira Faleiros<\/a><\/p>\n\n\n\n<h2 class=\"wp-block-heading\">Contato<\/h2>\n\n\n\n<p>(11) 3091-4114<\/p>\n\n\n\n<h2 class=\"wp-block-heading\">Resumo das atividades<\/h2>\n\n\n\n<p>Neste laborat\u00f3rio s\u00e3o analisadas as inclus\u00f5es de fluidos (gases e l\u00edquidos) aprisionadas nos minerais a partir das solu\u00e7\u00f5es envolvidas na sua cristaliza\u00e7\u00e3o. Para o seu estudo, s\u00e3o determinadas as suas principais caracter\u00edsticas f\u00edsico-qu\u00edmicas, como composi\u00e7\u00e3o, densidade, salinidade, al\u00e9m da press\u00e3o e temperatura de forma\u00e7\u00e3o. Os dados obtidos s\u00e3o de grande interesse nas \u00e1reas de Mineralogia, Petrologia, Metalog\u00eanese e Gemologia.<\/p>\n\n\n\n<h2 class=\"wp-block-heading\">Equipamentos<\/h2>\n\n\n\n<p>Microsc\u00f3pio petrogr\u00e1fico Leitz (OLYMPUS&nbsp;BX-51-POL-1)&nbsp;equipado com platina de aquecimento e resfriamento ChaixMeca, com regulador de temperatura e sistema de resfriamento de N<sub>2<\/sub>&nbsp;l\u00edquido sob press\u00e3o acoplados, que permitem estudos na faixa de temperatura de 180<sup>o<\/sup>C a 600<sup>o<\/sup>C.<\/p>\n\n\n\n<figure class=\"wp-block-image\"><img fetchpriority=\"high\" decoding=\"async\" width=\"600\" height=\"400\" src=\"http:\/\/sites.igc.usp.br\/geoanalitica\/wp-content\/uploads\/sites\/17\/2018\/10\/if.jpg\" alt=\"\" class=\"wp-image-54\" srcset=\"https:\/\/igc.usp.br\/geoanalitica\/wp-content\/uploads\/sites\/17\/2018\/10\/if.jpg 600w, https:\/\/igc.usp.br\/geoanalitica\/wp-content\/uploads\/sites\/17\/2018\/10\/if-300x200.jpg 300w\" sizes=\"(max-width: 600px) 100vw, 600px\" \/><\/figure>\n","protected":false},"excerpt":{"rendered":"<p>Docentes respons\u00e1veis Prof. Dr. F\u00e1bio Ramos Dias de AndradeProf. Dr. Frederico Meira Faleiros Contato (11) 3091-4114 Resumo das atividades Neste laborat\u00f3rio s\u00e3o analisadas as inclus\u00f5es de fluidos (gases e l\u00edquidos) aprisionadas nos minerais a&#46;&#46;&#46;<\/p>\n","protected":false},"author":1,"featured_media":0,"parent":36,"menu_order":3,"comment_status":"closed","ping_status":"closed","template":"","meta":{"_acf_changed":false,"om_disable_all_campaigns":false,"_monsterinsights_skip_tracking":false,"_monsterinsights_sitenote_active":false,"_monsterinsights_sitenote_note":"","_monsterinsights_sitenote_category":0,"_uf_show_specific_survey":0,"_uf_disable_surveys":false,"footnotes":"","_links_to":"","_links_to_target":""},"class_list":["post-53","page","type-page","status-publish","hentry"],"acf":[],"aioseo_notices":[],"publishpress_future_action":{"enabled":false,"date":"2026-04-12 04:59:02","action":"change-status","newStatus":"draft","terms":[],"taxonomy":"language","extraData":[]},"publishpress_future_workflow_manual_trigger":{"enabledWorkflows":[]},"_links":{"self":[{"href":"https:\/\/igc.usp.br\/geoanalitica\/wp-json\/wp\/v2\/pages\/53","targetHints":{"allow":["GET"]}}],"collection":[{"href":"https:\/\/igc.usp.br\/geoanalitica\/wp-json\/wp\/v2\/pages"}],"about":[{"href":"https:\/\/igc.usp.br\/geoanalitica\/wp-json\/wp\/v2\/types\/page"}],"author":[{"embeddable":true,"href":"https:\/\/igc.usp.br\/geoanalitica\/wp-json\/wp\/v2\/users\/1"}],"replies":[{"embeddable":true,"href":"https:\/\/igc.usp.br\/geoanalitica\/wp-json\/wp\/v2\/comments?post=53"}],"version-history":[{"count":1,"href":"https:\/\/igc.usp.br\/geoanalitica\/wp-json\/wp\/v2\/pages\/53\/revisions"}],"predecessor-version":[{"id":56,"href":"https:\/\/igc.usp.br\/geoanalitica\/wp-json\/wp\/v2\/pages\/53\/revisions\/56"}],"up":[{"embeddable":true,"href":"https:\/\/igc.usp.br\/geoanalitica\/wp-json\/wp\/v2\/pages\/36"}],"wp:attachment":[{"href":"https:\/\/igc.usp.br\/geoanalitica\/wp-json\/wp\/v2\/media?parent=53"}],"curies":[{"name":"wp","href":"https:\/\/api.w.org\/{rel}","templated":true}]}}