{"id":43,"date":"2018-10-25T11:11:59","date_gmt":"2018-10-25T14:11:59","guid":{"rendered":"http:\/\/sites.igc.usp.br\/gaa\/?page_id=43"},"modified":"2023-11-13T14:07:25","modified_gmt":"2023-11-13T17:07:25","slug":"microscopia-eletronica-de-varredura","status":"publish","type":"page","link":"https:\/\/igc.usp.br\/gaa\/laboratorios\/microscopia-eletronica-de-varredura\/","title":{"rendered":"Microscopia Eletr\u00f4nica de Varredura"},"content":{"rendered":"\n<h2 class=\"wp-block-heading\">Contato<\/h2>\n\n\n\n<p>Tel: 3091-4663<br>\nE-mail: ijsayeg@usp.br<\/p>\n\n\n\n<h2 class=\"wp-block-heading\">Respons\u00e1veis<\/h2>\n\n\n\n<p>Prof. Dr. Renato Paes de Almeida<br>Prof. Dr. Andr\u00e9 Oliveira Sawakuchi<br> Eng. Isaac Jamil Sayeg (Especialista de Laborat\u00f3rio)<\/p>\n\n\n\n<h2 class=\"wp-block-heading\">Breve resumo das atividades<\/h2>\n\n\n\n<p>Oferece servi\u00e7os de Eletromicrografias de superf\u00edcies em detetores de el\u00e9trons secund\u00e1rios e retroespalhados em aumentos de 5 a 250.000x dependendo do detetor e da amostra. Em adi\u00e7\u00e3o, s\u00e3o realizadas micro\u00adan\u00e1lises de elementos qu\u00edmicos, a partir do B (boro), por Energia Dispersiva de raios X, varredura em linha e mapeamento de presen\u00e7a at\u00e9 sete linhas. As eletromicrografias podem ser impressas e\/ou digitalizadas.<\/p>\n\n\n\n<p>Os servi\u00e7os prestados s\u00e3o pagos parcialmente pelos usu\u00e1rios, revertendo em recursos para cobrir custos de insumos e manuten\u00e7\u00e3o do laborat\u00f3rio.<\/p>\n\n\n\n<h2 class=\"wp-block-heading\">Equipamentos<\/h2>\n\n\n\n<ul class=\"wp-block-list\">\n<li>Prepara\u00e7\u00e3o de amostras (recobrimento de ouro)<br><\/li>\n\n\n\n<li>Microsc\u00f3pio eletr\u00f4nico de varredura ? LEO 440I<br><\/li>\n\n\n\n<li>Espectr\u00f4metro de energia dispersiva de raio-X ? Oxford<\/li>\n<\/ul>\n\n\n\n<h2 class=\"wp-block-heading\">Tipos de an\u00e1lises ou ensaios realizados<\/h2>\n\n\n\n<ul class=\"wp-block-list\">\n<li>Recobrimento de amostras (recobrimento de ouro)<br><\/li>\n\n\n\n<li>Eletromicrografia de el\u00e9trons secund\u00e1rios, retroespalhado e catodoluminesc\u00eancia<br><\/li>\n\n\n\n<li>Microan\u00e1lises de elementos qu\u00edmicos por energia dispersiva de raio-X<\/li>\n<\/ul>\n\n\n\n<h2 class=\"wp-block-heading\">Materiais geol\u00f3gicos analisados<\/h2>\n\n\n\n<ul class=\"wp-block-list\">\n<li>Geral, diversos.<\/li>\n<\/ul>\n","protected":false},"excerpt":{"rendered":"<p>Contato Tel: 3091-4663 E-mail: ijsayeg@usp.br Respons\u00e1veis Prof. Dr. Renato Paes de AlmeidaProf. Dr. Andr\u00e9 Oliveira Sawakuchi Eng. Isaac Jamil Sayeg (Especialista de Laborat\u00f3rio) Breve resumo das atividades Oferece servi\u00e7os de Eletromicrografias de superf\u00edcies em&#46;&#46;&#46;<\/p>\n","protected":false},"author":1,"featured_media":0,"parent":104,"menu_order":9,"comment_status":"closed","ping_status":"closed","template":"","meta":{"_acf_changed":false,"om_disable_all_campaigns":false,"_monsterinsights_skip_tracking":false,"_monsterinsights_sitenote_active":false,"_monsterinsights_sitenote_note":"","_monsterinsights_sitenote_category":0,"_uf_show_specific_survey":0,"_uf_disable_surveys":false,"footnotes":"","_links_to":"","_links_to_target":""},"class_list":["post-43","page","type-page","status-publish","hentry"],"acf":[],"aioseo_notices":[],"publishpress_future_action":{"enabled":false,"date":"2026-04-12 02:33:31","action":"change-status","newStatus":"draft","terms":[],"taxonomy":"language","extraData":[]},"publishpress_future_workflow_manual_trigger":{"enabledWorkflows":[]},"_links":{"self":[{"href":"https:\/\/igc.usp.br\/gaa\/wp-json\/wp\/v2\/pages\/43","targetHints":{"allow":["GET"]}}],"collection":[{"href":"https:\/\/igc.usp.br\/gaa\/wp-json\/wp\/v2\/pages"}],"about":[{"href":"https:\/\/igc.usp.br\/gaa\/wp-json\/wp\/v2\/types\/page"}],"author":[{"embeddable":true,"href":"https:\/\/igc.usp.br\/gaa\/wp-json\/wp\/v2\/users\/1"}],"replies":[{"embeddable":true,"href":"https:\/\/igc.usp.br\/gaa\/wp-json\/wp\/v2\/comments?post=43"}],"version-history":[{"count":2,"href":"https:\/\/igc.usp.br\/gaa\/wp-json\/wp\/v2\/pages\/43\/revisions"}],"predecessor-version":[{"id":178,"href":"https:\/\/igc.usp.br\/gaa\/wp-json\/wp\/v2\/pages\/43\/revisions\/178"}],"up":[{"embeddable":true,"href":"https:\/\/igc.usp.br\/gaa\/wp-json\/wp\/v2\/pages\/104"}],"wp:attachment":[{"href":"https:\/\/igc.usp.br\/gaa\/wp-json\/wp\/v2\/media?parent=43"}],"curies":[{"name":"wp","href":"https:\/\/api.w.org\/{rel}","templated":true}]}}