{"id":1141,"date":"2018-12-17T11:08:55","date_gmt":"2018-12-17T13:08:55","guid":{"rendered":"http:\/\/sites.igc.usp.br\/cpgeo\/?page_id=1141"},"modified":"2022-03-31T08:59:40","modified_gmt":"2022-03-31T11:59:40","slug":"tabela-de-precos","status":"publish","type":"page","link":"https:\/\/igc.usp.br\/cpgeo\/tabela-de-precos\/","title":{"rendered":"Tabela de Pre\u00e7os"},"content":{"rendered":"\n<p>A tabela de pre\u00e7os de servi\u00e7os\/ensaios discrimina os valores aplicados a projetos acad\u00eamicos e projetos comerciais (setor produtivo p\u00fablico e\/ou privado). Conforme recomenda\u00e7\u00f5es da FUSP (Funda\u00e7\u00e3o de Apoio \u00e0 Universidade de S\u00e3o Paulo) e USP n\u00e3o h\u00e1 pr\u00e1tica de valores diferenciados dentro de cada categoria, sendo os valores tabelados comuns a todo e qualquer cliente.<\/p>\n\n\n\n<p>Para conhecimento, a tabela de pre\u00e7os \u00e9 atualizada a cada primeiro dia \u00fatil do ano. Para contrato de presta\u00e7\u00e3o de servi\u00e7os firmado entre FUSP\/USP e o cliente (em geral, vinculados ao setor produtivo), permanecem v\u00e1lidos os valores vigentes quando da assinatura contratual, at\u00e9 o t\u00e9rmino da validade do mesmo. Renova\u00e7\u00f5es ou aditivos est\u00e3o sujeitos \u00e0 atualiza\u00e7\u00e3o de pre\u00e7os.<\/p>\n\n\n\n<p>O CPGeo recomenda aos clientes que consultem a <strong>Tabela de Pre\u00e7os na Plataforma Centrais de Equipamentos Multiusu\u00e1rios<\/strong> (definida para cada laborat\u00f3rio) antes de solicitar os servi\u00e7os, e estimula a sua ado\u00e7\u00e3o como estimativa de or\u00e7amento. Consulte \u201cProposta Comercial\u201d neste menu para maiores detalhes.<\/p>\n\n\n\n<p><\/p>\n","protected":false},"excerpt":{"rendered":"<p>A tabela de pre\u00e7os de servi\u00e7os\/ensaios discrimina os valores aplicados a projetos acad\u00eamicos e projetos comerciais (setor produtivo p\u00fablico e\/ou&#46;&#46;&#46;<\/p>\n","protected":false},"author":1,"featured_media":0,"parent":0,"menu_order":0,"comment_status":"closed","ping_status":"closed","template":"","meta":{"_acf_changed":false,"om_disable_all_campaigns":false,"_monsterinsights_skip_tracking":false,"_monsterinsights_sitenote_active":false,"_monsterinsights_sitenote_note":"","_monsterinsights_sitenote_category":0,"_uf_show_specific_survey":0,"_uf_disable_surveys":false,"footnotes":"","_links_to":"","_links_to_target":""},"class_list":["post-1141","page","type-page","status-publish","hentry"],"acf":[],"aioseo_notices":[],"publishpress_future_action":{"enabled":false,"date":"2026-05-20 21:21:28","action":"change-status","newStatus":"draft","terms":[],"taxonomy":"language","extraData":[]},"publishpress_future_workflow_manual_trigger":{"enabledWorkflows":[]},"_links":{"self":[{"href":"https:\/\/igc.usp.br\/cpgeo\/wp-json\/wp\/v2\/pages\/1141","targetHints":{"allow":["GET"]}}],"collection":[{"href":"https:\/\/igc.usp.br\/cpgeo\/wp-json\/wp\/v2\/pages"}],"about":[{"href":"https:\/\/igc.usp.br\/cpgeo\/wp-json\/wp\/v2\/types\/page"}],"author":[{"embeddable":true,"href":"https:\/\/igc.usp.br\/cpgeo\/wp-json\/wp\/v2\/users\/1"}],"replies":[{"embeddable":true,"href":"https:\/\/igc.usp.br\/cpgeo\/wp-json\/wp\/v2\/comments?post=1141"}],"version-history":[{"count":10,"href":"https:\/\/igc.usp.br\/cpgeo\/wp-json\/wp\/v2\/pages\/1141\/revisions"}],"predecessor-version":[{"id":1551,"href":"https:\/\/igc.usp.br\/cpgeo\/wp-json\/wp\/v2\/pages\/1141\/revisions\/1551"}],"wp:attachment":[{"href":"https:\/\/igc.usp.br\/cpgeo\/wp-json\/wp\/v2\/media?parent=1141"}],"curies":[{"name":"wp","href":"https:\/\/api.w.org\/{rel}","templated":true}]}}