{"id":66,"date":"2020-08-20T19:17:47","date_gmt":"2020-08-20T22:17:47","guid":{"rendered":"http:\/\/igc.usp.br\/covid\/?page_id=66"},"modified":"2022-01-12T15:07:58","modified_gmt":"2022-01-12T18:07:58","slug":"instrucoes-lab","status":"publish","type":"page","link":"https:\/\/igc.usp.br\/covid\/comissao-especial\/instrucoes-lab\/","title":{"rendered":"Instru\u00e7\u00f5es para Laborat\u00f3rios"},"content":{"rendered":"\n<p>Considerando o retorno gradual \u00e0s atividades de pesquisa, conforme estabelecido pelo &#8220;<a rel=\"noreferrer noopener\" href=\"http:\/\/e.usp.br\/g5j\" target=\"_blank\">Plano USP para o Retorno Gradual das Atividades Presenciais<\/a>\u201d, &nbsp;a Pr\u00f3-Reitoria de Pesquisa preparou um v\u00eddeo com instru\u00e7\u00f5es detalhadas de boas pr\u00e1ticas para utiliza\u00e7\u00e3o dos ambientes de pesquisa da Universidade, que pode ser acessado neste link:&nbsp;<strong><a rel=\"noreferrer noopener\" href=\"https:\/\/youtu.be\/OeA-klgu7Ok\" target=\"_blank\">https:\/\/youtu.be\/OeA-klgu7Ok<\/a><\/strong><\/p>\n\n\n\n<figure class=\"wp-block-embed is-type-video is-provider-youtube wp-block-embed-youtube wp-embed-aspect-16-9 wp-has-aspect-ratio\"><div class=\"wp-block-embed__wrapper\">\n<iframe title=\"Treinamento para o Retorno aos Laborat\u00f3rios de Pesquisa na USP P\u00f3s-Pandemia de COVID-19\" width=\"900\" height=\"506\" src=\"https:\/\/www.youtube.com\/embed\/OeA-klgu7Ok?feature=oembed\" frameborder=\"0\" allow=\"accelerometer; autoplay; encrypted-media; gyroscope; picture-in-picture\" allowfullscreen><\/iframe>\n<\/div><\/figure>\n\n\n\n<p><br>O v\u00eddeo explica o uso e o manuseio correto de m\u00e1scaras e&nbsp;<em>face shields<\/em>, como lavar as m\u00e3os e higienizar superf\u00edcies, dentre outras pr\u00e1ticas importantes para utilizarmos os ambientes de pesquisa com mais seguran\u00e7a.&nbsp;<br>Recomendamos que o v\u00eddeo seja assistido por todos os servidores, docentes e estudantes que retomarem as atividades presenciais.&nbsp;<\/p>\n","protected":false},"excerpt":{"rendered":"<p>Considerando o retorno gradual \u00e0s atividades de pesquisa, conforme estabelecido pelo &#8220;Plano USP para o Retorno Gradual das Atividades Presenciais\u201d, &nbsp;a Pr\u00f3-Reitoria de Pesquisa preparou um v\u00eddeo com instru\u00e7\u00f5es detalhadas de boas pr\u00e1ticas para utiliza\u00e7\u00e3o dos ambientes de pesquisa da Universidade, que pode ser acessado neste link:&nbsp;https:\/\/youtu.be\/OeA-klgu7Ok O v\u00eddeo explica o uso e o manuseio correto de m\u00e1scaras e&nbsp;face shields, como lavar as m\u00e3os e higienizar superf\u00edcies, dentre outras pr\u00e1ticas importantes para utilizarmos os ambientes de pesquisa com mais seguran\u00e7a.&nbsp;Recomendamos que o v\u00eddeo seja assistido por todos os servidores, docentes e estudantes que retomarem as atividades presenciais.&nbsp;<\/p>\n","protected":false},"author":6,"featured_media":0,"parent":34,"menu_order":3,"comment_status":"closed","ping_status":"closed","template":"","meta":{"_acf_changed":false,"om_disable_all_campaigns":false,"_monsterinsights_skip_tracking":false,"_monsterinsights_sitenote_active":false,"_monsterinsights_sitenote_note":"","_monsterinsights_sitenote_category":0,"_uf_show_specific_survey":0,"_uf_disable_surveys":false,"footnotes":"","_links_to":"","_links_to_target":""},"class_list":["post-66","page","type-page","status-publish","hentry"],"acf":[],"aioseo_notices":[],"publishpress_future_action":{"enabled":false,"date":"2026-04-12 11:14:17","action":"change-status","newStatus":"draft","terms":[],"taxonomy":"language","extraData":[]},"publishpress_future_workflow_manual_trigger":{"enabledWorkflows":[]},"_links":{"self":[{"href":"https:\/\/igc.usp.br\/covid\/wp-json\/wp\/v2\/pages\/66","targetHints":{"allow":["GET"]}}],"collection":[{"href":"https:\/\/igc.usp.br\/covid\/wp-json\/wp\/v2\/pages"}],"about":[{"href":"https:\/\/igc.usp.br\/covid\/wp-json\/wp\/v2\/types\/page"}],"author":[{"embeddable":true,"href":"https:\/\/igc.usp.br\/covid\/wp-json\/wp\/v2\/users\/6"}],"replies":[{"embeddable":true,"href":"https:\/\/igc.usp.br\/covid\/wp-json\/wp\/v2\/comments?post=66"}],"version-history":[{"count":3,"href":"https:\/\/igc.usp.br\/covid\/wp-json\/wp\/v2\/pages\/66\/revisions"}],"predecessor-version":[{"id":591,"href":"https:\/\/igc.usp.br\/covid\/wp-json\/wp\/v2\/pages\/66\/revisions\/591"}],"up":[{"embeddable":true,"href":"https:\/\/igc.usp.br\/covid\/wp-json\/wp\/v2\/pages\/34"}],"wp:attachment":[{"href":"https:\/\/igc.usp.br\/covid\/wp-json\/wp\/v2\/media?parent=66"}],"curies":[{"name":"wp","href":"https:\/\/api.w.org\/{rel}","templated":true}]}}