{"id":628,"date":"2018-11-13T15:10:16","date_gmt":"2018-11-13T17:10:16","guid":{"rendered":"http:\/\/sites.igc.usp.br\/biblioteca\/?page_id=628"},"modified":"2022-03-08T13:53:34","modified_gmt":"2022-03-08T16:53:34","slug":"regulamento","status":"publish","type":"page","link":"https:\/\/igc.usp.br\/biblioteca\/principal\/regulamento\/","title":{"rendered":"Regulamento"},"content":{"rendered":"\t\t<div data-elementor-type=\"wp-post\" data-elementor-id=\"628\" class=\"elementor elementor-628\">\n\t\t\t\t\t\t<section class=\"elementor-section elementor-top-section elementor-element elementor-element-0554ff7 elementor-section-boxed elementor-section-height-default elementor-section-height-default\" data-id=\"0554ff7\" data-element_type=\"section\" data-e-type=\"section\">\n\t\t\t\t\t\t<div class=\"elementor-container elementor-column-gap-default\">\n\t\t\t\t\t<div class=\"elementor-column elementor-col-100 elementor-top-column elementor-element elementor-element-c2975a8\" data-id=\"c2975a8\" data-element_type=\"column\" data-e-type=\"column\">\n\t\t\t<div class=\"elementor-widget-wrap elementor-element-populated\">\n\t\t\t\t\t\t<div class=\"elementor-element elementor-element-301f2b2 elementor-widget elementor-widget-text-editor\" data-id=\"301f2b2\" data-element_type=\"widget\" data-e-type=\"widget\" data-widget_type=\"text-editor.default\">\n\t\t\t\t<div class=\"elementor-widget-container\">\n\t\t\t\t\t\t\t\t\t<p style=\"text-align: center;\"><strong>Regulamento de Consulta e Empr\u00e9stimo do Servi\u00e7o de Biblioteca do Instituto de Geoci\u00eancias da Universidade de S\u00e3o Paulo<\/strong><\/p><p style=\"text-align: center;\"><strong>CAP\u00cdTULO I &#8211;\u00a0<\/strong><strong>DA BIBLIOTECA<\/strong><\/p><p>Artigo 1\u00ba. \u2013 O acesso ao acervo da Biblioteca do Instituto de Geoci\u00eancias da Universidade de S\u00e3o Paulo, doravante denominada Biblioteca, \u00e9 especialmente franqueado ao p\u00fablico interno da Universidade de S\u00e3o Paulo e, preferencialmente aos corpos docente e discente da Gradua\u00e7\u00e3o e de P\u00f3s-Gradua\u00e7\u00e3o, pesquisadores, professores visitantes, estagi\u00e1rios e funcion\u00e1rios do Instituto de Geoci\u00eancias da USP.<\/p><p>Artigo 2\u00ba. \u2013 O acervo da Biblioteca \u00e9 composto por materiais impressos e em outras m\u00eddias, incluindo livros, peri\u00f3dicos, separatas, teses, disserta\u00e7\u00f5es, monografias, apostilas, atas e anais de eventos, mapas, obras raras, cat\u00e1logos, materiais de refer\u00eancia (atlas, dicion\u00e1rios, enciclop\u00e9dias etc.) e audiovisuais (fitas de v\u00eddeo, DVDs, cole\u00e7\u00f5es de slides, CD-ROMs, etc).<\/p><p>Artigo 3\u00ba. \u2013 A Biblioteca \u00e9 aberta ao p\u00fablico de segunda-feira a s\u00e1bado em per\u00edodos letivos e de segunda a sexta-feira durante as f\u00e9rias letivas.<\/p><p style=\"padding-left: 40px;\"><em>Par\u00e1grafo \u00danico.<\/em> O hor\u00e1rio de atendimento \u00e9 definido pela Diretoria do Instituto de Geoci\u00eancias da USP.<\/p><p style=\"text-align: center;\"><strong>CAP\u00cdTULO II &#8211;\u00a0<\/strong><strong>DO ACESSO E CONSULTA LOCAL<\/strong><\/p><p>Artigo 4\u00ba. \u2013 O acesso e a consulta ao acervo da Biblioteca \u00e9 livre \u00e0 comunidade USP e demais interessados.<\/p><p style=\"padding-left: 40px;\">Par\u00e1grafo 1\u00ba. \u00c9 facultado \u00e0 Biblioteca autorizar o acesso e a consulta aos acervos hist\u00f3rico, raro e especiais.<\/p><p style=\"padding-left: 40px;\"><del>Par\u00e1grafo 2\u00ba. \u00c9 vedado aos usu\u00e1rios o uso de aparelho celular, o porte de bolsas, sacolas, pastas, mochilas e objetos assemelhados e o porte e consumo de alimentos e bebidas nas \u00e1reas de consulta e de estudo da Biblioteca.<\/del><\/p><p style=\"padding-left: 40px;\"><del>Par\u00e1grafo 3\u00ba. O guarda-volumes destina-se aos usu\u00e1rios somente durante a perman\u00eancia na Biblioteca.<\/del><\/p><p style=\"padding-left: 40px;\">Par\u00e1grafo 4\u00ba. A utiliza\u00e7\u00e3o dos microcomputadores da Biblioteca \u00e9 restrita \u00e0 pesquisa acad\u00eamica e cient\u00edfica, ficando terminantemente vedada a utiliza\u00e7\u00e3o para jogos de qualquer tipo, para correio eletr\u00f4nico e para consultas sem enfoque acad\u00eamico.<\/p><p style=\"text-align: center;\"><strong>CAP\u00cdTULO III &#8211;\u00a0<\/strong><strong>DOS USU\u00c1RIOS<\/strong><\/p><p>Artigo 5\u00ba. \u2013 S\u00e3o usu\u00e1rios da Biblioteca alunos de gradua\u00e7\u00e3o e p\u00f3s-gradua\u00e7\u00e3o, servidores docentes e t\u00e9cnico-administrativos com v\u00ednculo ativo na USP e usu\u00e1rios especiais com v\u00ednculo tempor\u00e1rio com o Instituto de Geoci\u00eancias da USP.<\/p><p>Artigo 6\u00ba. \u2013 S\u00e3o usu\u00e1rios preferenciais da Biblioteca:<\/p><p style=\"padding-left: 40px;\">a) Docentes ativos e aposentados do Instituto de Geoci\u00eancias da USP.<br \/><span style=\"font-size: 1.0625rem;\">b) Alunos de gradua\u00e7\u00e3o e de p\u00f3s-gradua\u00e7\u00e3o do Instituto de Geoci\u00eancias da USP.<br \/><\/span><span style=\"font-size: 1.0625rem;\">c) Usu\u00e1rios especiais com v\u00ednculo tempor\u00e1rio com o Instituto de Geoci\u00eancias da USP, incluindo estagi\u00e1rios, p\u00f3s-doutorandos, professores visitantes, pesquisadores visitantes.<br \/><\/span><span style=\"font-size: 1.0625rem;\">d) Funcion\u00e1rios do Instituto de Geoci\u00eancias da USP.<br \/><\/span><span style=\"font-size: 1.0625rem;\">e) Outros alunos matriculados em disciplinas do Instituto de Geoci\u00eancias da USP.<\/span><\/p><p style=\"text-align: center;\"><strong>CAP\u00cdTULO IV &#8211;\u00a0<\/strong><strong>DA INSCRI\u00c7\u00c3O<\/strong><\/p><p>Artigo 7\u00ba. \u2013 O aluno USP \u00e9 automaticamente inscrito nas Bibliotecas do SIBi\/USP no ato da matr\u00edcula.<\/p><p style=\"padding-left: 40px;\"><em>Par\u00e1grafo \u00danico. <\/em>O aluno \u00e9 identificado pelo cart\u00e3o USP, que deve ser utilizado para empr\u00e9stimo, devolu\u00e7\u00e3o, reservas e demais servi\u00e7os das Bibliotecas.<\/p><p>Artigo 8\u00ba. \u2013 Os servidores docentes e t\u00e9cnico-administrativos s\u00e3o automaticamente inscritos nas Bibliotecas do SIBi\/USP no ato da admiss\u00e3o na USP.<\/p><p style=\"padding-left: 40px;\"><em>Par\u00e1grafo \u00danico. <\/em>O servidor \u00e9 identificado pelo cart\u00e3o USP, que deve ser utilizado para empr\u00e9stimo, devolu\u00e7\u00e3o, reservas e demais servi\u00e7os das Bibliotecas.<\/p><p>Artigo 9\u00ba. \u2013 Usu\u00e1rios sem v\u00ednculo ativo com a USP poder\u00e3o ser credenciados na Biblioteca mediante a apresenta\u00e7\u00e3o de comprovante de resid\u00eancia, uma foto 3&#215;4, documento de identidade e carta de apresenta\u00e7\u00e3o do Departamento do Instituto de Geoci\u00eancias ao qual estiverem vinculados.<\/p><p style=\"text-align: center;\"><strong>CAP\u00cdTULO V &#8211;\u00a0<\/strong><strong>DO EMPR\u00c9STIMO<\/strong><\/p><p>Artigo 10\u00ba. \u2013 O empr\u00e9stimo domiciliar dos acervos circulantes \u00e9 permitido \u00e0s seguintes categorias:<\/p><p style=\"padding-left: 40px;\">a) Aluno com v\u00ednculo ativo na USP.<br \/><span style=\"font-size: 1.0625rem;\">b) Servidor docente ou t\u00e9cnico-administrativo com v\u00ednculo ativo na USP.<br \/><\/span><span style=\"font-size: 1.0625rem;\">c) Usu\u00e1rio sem v\u00ednculo ativo na USP, mas credenciado na Biblioteca conforme Cap\u00edtulo IV Artigo 9\u00b0.<\/span><\/p><p>Artigo 11\u00ba. \u2013 Os materiais do acervo da Biblioteca ser\u00e3o emprestados aos diferentes usu\u00e1rios de acordo com as seguintes regras:<\/p><p style=\"padding-left: 40px;\"><span style=\"font-size: 1.0625rem;\">a) Aluno de gradua\u00e7\u00e3o e servidor t\u00e9cnico-administrativo, at\u00e9 dez itens em comodato por dez dias consecutivos.<br \/><\/span><span style=\"font-size: 1.0625rem;\">b) Aluno de p\u00f3s-gradua\u00e7\u00e3o, at\u00e9 quinze itens em comodato por vinte dias consecutivos.<br \/><\/span><span style=\"font-size: 1.0625rem;\">c) Servidor docente, at\u00e9 vinte itens em comodato por trinta dias consecutivos.<br \/><\/span><span style=\"font-size: 1.0625rem;\">d) Usu\u00e1rio sem v\u00ednculo ativo com a USP, mas credenciado na Biblioteca, conforme Cap\u00edtulo IV Artigo 9\u00b0., at\u00e9 dez itens em comodato por dez dias consecutivos.<\/span><\/p><p>Artigo 12\u00ba. \u2013 \u00c9 facultado \u00e0 Biblioteca definir regras adicionais para o empr\u00e9stimo domiciliar de material bibliogr\u00e1fico, de modo a assegurar necessidades espec\u00edficas de pesquisas dos usu\u00e1rios preferenciais, ouvidos o Conselho da Biblioteca e o Conselho Supervisor do SIBi\/USP. \u00a0\u00a0\u00a0\u00a0\u00a0 \u00a0<\/p><p>Artigo 13\u00ba. \u2013 O usu\u00e1rio somente poder\u00e1 emprestar materiais do acervo da Biblioteca mediante a apresenta\u00e7\u00e3o, na Se\u00e7\u00e3o de Atendimento, do cart\u00e3o USP ou documento de identifica\u00e7\u00e3o para os usu\u00e1rios sem v\u00ednculo ativo.<\/p><p style=\"padding-left: 40px;\">Par\u00e1grafo 1\u00ba. Os empr\u00e9stimos poder\u00e3o ser renovados at\u00e9 tr\u00eas vezes, pessoalmente, por telefone ou por e-mail, desde que n\u00e3o haja reserva do material.<\/p><p style=\"padding-left: 40px;\">Par\u00e1grafo 2\u00ba. Ap\u00f3s as renova\u00e7\u00f5es previstas no par\u00e1grafo anterior, os materiais somente poder\u00e3o ser novamente emprestados pelo usu\u00e1rio sete (07) dias ap\u00f3s a devolu\u00e7\u00e3o.<\/p><p style=\"padding-left: 40px;\">Par\u00e1grafo 3\u00ba. Materiais sob empr\u00e9stimo podem ser reservados por outros usu\u00e1rios, o qual ter\u00e1 prioridade de empr\u00e9stimo ap\u00f3s a devolu\u00e7\u00e3o nos prazos regimentais.<\/p><p>Artigo 14\u00ba. \u2013 Obras raras e de refer\u00eancia, peri\u00f3dicos, mapas, cat\u00e1logos e obras selecionadas pelo Conselho de Biblioteca somente poder\u00e3o ser consultados nas depend\u00eancias da Biblioteca.<\/p><p>Artigo 15\u00ba. \u2013 O material do acervo poder\u00e1 ser colocado em reserva para fins did\u00e1ticos, quando solicitado por docentes do Instituto de Geoci\u00eancias da USP, ou em regime especial de circula\u00e7\u00e3o, quando julgado necess\u00e1rio pela Dire\u00e7\u00e3o da Biblioteca, para assegurar o melhor atendimento ao usu\u00e1rio.<\/p><p style=\"padding-left: 40px;\"><em>Par\u00e1grafo \u00fanico.<\/em> Empr\u00e9stimos sob circunst\u00e2ncias n\u00e3o previstas neste Regulamento poder\u00e3o ser autorizados pelo Bibliotec\u00e1rio de Refer\u00eancia, com anu\u00eancia da Dire\u00e7\u00e3o da Biblioteca e referendo do Conselho de Biblioteca.<\/p><p>Artigo 16\u00ba. \u2013 O empr\u00e9stimo de material audiovisual s\u00f3 poder\u00e1 ser realizado pelos usu\u00e1rios preferenciais definidos no Cap\u00edtulo III Artigo 6\u00ba., categorias a), b), c) e d), seguir\u00e1 as seguintes regras:<\/p><p style=\"padding-left: 40px;\">Par\u00e1grafo 1\u00ba. At\u00e9 tr\u00eas m\u00eddias eletr\u00f4nicas (fitas de v\u00eddeo, CD-ROMs ou DVDs) e 80 slides, por no m\u00e1ximo 03 dias.<\/p><p style=\"padding-left: 40px;\">Par\u00e1grafo 2\u00ba. O empr\u00e9stimo de maior n\u00famero itens de material audiovisual poder\u00e3o ser autorizados pela Dire\u00e7\u00e3o da Biblioteca.<\/p><p>Artigo 17\u00ba. \u2013 O material do acervo definido como Bibliografia B\u00e1sica dos cursos de Geologia e Licenciatura em Geoci\u00eancias e Educa\u00e7\u00e3o Ambiental somente poder\u00e1 ser emprestado por usu\u00e1rios preferenciais da Biblioteca definidos no Cap\u00edtulo III Artigo 6\u00ba.<\/p><p>Artigo 18\u00ba. \u2013 O Conselho de Biblioteca poder\u00e1 autorizar o empr\u00e9stimo aos laborat\u00f3rios do Instituto de Geoci\u00eancias da USP de materiais de uso intensivo na atividade do laborat\u00f3rio, mediante solicita\u00e7\u00e3o justificada por parte do Chefe de Departamento.<\/p><p style=\"padding-left: 40px;\"><em>Par\u00e1grafo \u00fanico. <\/em>Os prazos de empr\u00e9stimo e crit\u00e9rios de renova\u00e7\u00e3o destes materiais ser\u00e3o definidos pelo Conselho de Biblioteca.<\/p><p>Artigo 19\u00ba. \u2013 Empr\u00e9stimo entre bibliotecas somente poder\u00e1 ser feito com bibliotecas que mantenham reciprocidade de empr\u00e9stimo com a Biblioteca.<\/p><p style=\"padding-left: 40px;\"><em>Par\u00e1grafo \u00fanico. <\/em>O empr\u00e9stimo entre bibliotecas \u00e9 limitado a um pedido por usu\u00e1rio e tr\u00eas (03) volumes por pedido.<\/p><p><strong>CAP\u00cdTULO VI &#8211;\u00a0<\/strong><strong>DAS OBRIGA\u00c7\u00d5ES E RESPONSABILIDADES<\/strong><\/p><p>Artigo 20\u00ba. \u2013 A Biblioteca \u00e9 respons\u00e1vel pelo controle, guarda, manuten\u00e7\u00e3o, conserva\u00e7\u00e3o e integridade do material bibliogr\u00e1fico de seu acervo.<\/p><p>Artigo 21\u00ba. \u2013 Cabe aos usu\u00e1rios da Biblioteca:<\/p><p style=\"padding-left: 40px;\"><span style=\"font-size: 1.0625rem;\">a) Zelarem pelo bom uso e conserva\u00e7\u00e3o do acervo, seja na consulta local ou no empr\u00e9stimo domiciliar, responsabilizando-se pela preserva\u00e7\u00e3o e devolu\u00e7\u00e3o dos materiais emprestados nos prazos estipulados.<br \/><\/span><span style=\"font-size: 1.0625rem;\">b) Devolver todo material da Biblioteca em seu poder caso estejam em conclus\u00e3o de curso ou com perspectiva de afastamento.<br \/><\/span><span style=\"font-size: 1.0625rem;\">c) Devolver o material emprestado na biblioteca em que realizou o empr\u00e9stimo.<\/span><\/p><p style=\"text-align: center;\"><strong>CAP\u00cdTULO VII &#8211;\u00a0<\/strong><strong>DAS INFRA\u00c7\u00d5ES ADMINISTRATIVAS<\/strong><\/p><p>Artigo 22\u00ba. \u2013 S\u00e3o consideradas infra\u00e7\u00f5es administrativas:<\/p><p style=\"padding-left: 40px;\"><span style=\"font-size: 1.0625rem;\">a) Atrasar a devolu\u00e7\u00e3o do material emprestado.<br \/><\/span><span style=\"font-size: 1.0625rem;\">b) Danificar ou extraviar o material bibliogr\u00e1fico.<\/span><\/p><p style=\"padding-left: 40px;\">Par\u00e1grafo 1\u00ba. Aplicar-se-\u00e1 um dia de suspens\u00e3o ao servi\u00e7o de empr\u00e9stimo domiciliar para cada dia de atraso na devolu\u00e7\u00e3o do material, por item atrasado.<\/p><p style=\"padding-left: 40px;\">Par\u00e1grafo 2\u00ba. Enquanto suspenso, o usu\u00e1rio fica impedido de realizar novo empr\u00e9stimo de material bibliogr\u00e1fico nas Bibliotecas do SIBi\/USP.<\/p><p>Artigo 23\u00ba. \u2013 O usu\u00e1rio que danificar ou extraviar material bibliogr\u00e1fico das bibliotecas do SIBi\/USP, mesmo apresentando Boletim de Ocorr\u00eancia, \u00e9 obrigado a repor um exemplar id\u00eantico da obra, mesmo usado, e, neste caso, em bom estado de conserva\u00e7\u00e3o.<\/p><p style=\"padding-left: 40px;\">Par\u00e1grafo 1\u00ba. Caso a obra extraviada ou danificada esteja esgotada, a reposi\u00e7\u00e3o pode ser feita por outra obra, a crit\u00e9rio da Biblioteca.<\/p><p style=\"padding-left: 40px;\">Par\u00e1grafo 2\u00ba. \u00c9 facultado \u00e0 Biblioteca, em qualquer caso, receber o valor de mercado correspondente \u00e0 obra extraviada ou danificada.<\/p><p>Artigo 24\u00ba. \u2013 O usu\u00e1rio credenciado com mais de quatro atrasos de devolu\u00e7\u00e3o no ano escolar, ou em atraso superior a tr\u00eas vezes o prazo m\u00e1ximo de empr\u00e9stimo, ter\u00e1 seu cadastro cancelado junto \u00e0 Biblioteca.<\/p><p>Artigo 25\u00ba. \u2013 A biblioteca com devolu\u00e7\u00e3o em atraso ter\u00e1 o empr\u00e9stimo entre bibliotecas suspenso at\u00e9 que a situa\u00e7\u00e3o seja regularizada.<\/p><p>Artigo 26\u00ba. \u2013 Sugest\u00f5es, reclama\u00e7\u00f5es, solicita\u00e7\u00f5es, reivindica\u00e7\u00f5es e recursos dever\u00e3o ser encaminhados por escrito ao Conselho de Biblioteca.<\/p><p>Artigo 27\u00ba. \u2013 Os casos n\u00e3o previstos e recursos apresentados ser\u00e3o julgados pelo Conselho de Biblioteca.<\/p><hr \/><p><em>Regulamento aprovado pela Congrega\u00e7\u00e3o do Instituto de Geoci\u00eancias em reuni\u00e3o de 15 de dezembro de 2010.<\/em><\/p>\t\t\t\t\t\t\t\t<\/div>\n\t\t\t\t<\/div>\n\t\t\t\t\t<\/div>\n\t\t<\/div>\n\t\t\t\t\t<\/div>\n\t\t<\/section>\n\t\t\t\t<\/div>\n\t\t","protected":false},"excerpt":{"rendered":"<p>Regulamento de Consulta e Empr\u00e9stimo do Servi\u00e7o de Biblioteca do Instituto de Geoci\u00eancias da Universidade de S\u00e3o Paulo CAP\u00cdTULO I &#8211;\u00a0DA BIBLIOTECA Artigo 1\u00ba. \u2013 O acesso ao acervo da Biblioteca do Instituto de&#46;&#46;&#46;<\/p>\n","protected":false},"author":10,"featured_media":0,"parent":260,"menu_order":0,"comment_status":"closed","ping_status":"closed","template":"","meta":{"_acf_changed":false,"om_disable_all_campaigns":false,"_monsterinsights_skip_tracking":false,"_monsterinsights_sitenote_active":false,"_monsterinsights_sitenote_note":"","_monsterinsights_sitenote_category":0,"_uf_show_specific_survey":0,"_uf_disable_surveys":false,"footnotes":"","_links_to":"","_links_to_target":""},"class_list":["post-628","page","type-page","status-publish","hentry"],"acf":[],"aioseo_notices":[],"publishpress_future_action":{"enabled":false,"date":"2026-05-16 04:29:12","action":"change-status","newStatus":"draft","terms":[],"taxonomy":"language","extraData":[]},"publishpress_future_workflow_manual_trigger":{"enabledWorkflows":[]},"_links":{"self":[{"href":"https:\/\/igc.usp.br\/biblioteca\/wp-json\/wp\/v2\/pages\/628","targetHints":{"allow":["GET"]}}],"collection":[{"href":"https:\/\/igc.usp.br\/biblioteca\/wp-json\/wp\/v2\/pages"}],"about":[{"href":"https:\/\/igc.usp.br\/biblioteca\/wp-json\/wp\/v2\/types\/page"}],"author":[{"embeddable":true,"href":"https:\/\/igc.usp.br\/biblioteca\/wp-json\/wp\/v2\/users\/10"}],"replies":[{"embeddable":true,"href":"https:\/\/igc.usp.br\/biblioteca\/wp-json\/wp\/v2\/comments?post=628"}],"version-history":[{"count":13,"href":"https:\/\/igc.usp.br\/biblioteca\/wp-json\/wp\/v2\/pages\/628\/revisions"}],"predecessor-version":[{"id":1379,"href":"https:\/\/igc.usp.br\/biblioteca\/wp-json\/wp\/v2\/pages\/628\/revisions\/1379"}],"up":[{"embeddable":true,"href":"https:\/\/igc.usp.br\/biblioteca\/wp-json\/wp\/v2\/pages\/260"}],"wp:attachment":[{"href":"https:\/\/igc.usp.br\/biblioteca\/wp-json\/wp\/v2\/media?parent=628"}],"curies":[{"name":"wp","href":"https:\/\/api.w.org\/{rel}","templated":true}]}}