{"id":531,"date":"2018-11-08T10:49:03","date_gmt":"2018-11-08T12:49:03","guid":{"rendered":"http:\/\/sites.igc.usp.br\/biblioteca\/?page_id=531"},"modified":"2018-11-08T14:59:16","modified_gmt":"2018-11-08T16:59:16","slug":"infobib","status":"publish","type":"page","link":"https:\/\/igc.usp.br\/biblioteca\/sobre\/infobib\/","title":{"rendered":"Infobib"},"content":{"rendered":"<p><strong>INFOBIB<\/strong> \u00e9 o &#8220;<span class=\"fontstyle0\"><em><strong>Informativo da Biblioteca do Instituto de Geoci\u00eancias<\/strong><\/em>&#8220;. No momento ele encontra-se sem novas publica\u00e7\u00f5es, por\u00e9m disponibilizamos aqui suas edi\u00e7\u00f5es passadas a fim de preservar sua hist\u00f3ria.<\/span><\/p>\n\n<!-- Generated using Document Gallery. Get yours here: http:\/\/wordpress.org\/extend\/plugins\/document-gallery -->\n<div id=\"document-gallery-1\" class=\"document-gallery\" data-shortcode='{\"id\":531,\"include\":\"466,465,464,463,462,461,460,459,458,457,456,455,454,453,452,451,450,449,448,447,446,445,444\",\"exclude\":\"\",\"columns\":4,\"fancy\":true,\"order\":\"DESC\",\"orderby\":\"post__in\",\"relation\":\"AND\",\"limit\":-1,\"mime_types\":\"application,video,text,audio,image\",\"new_window\":true,\"paginate\":true,\"post_status\":\"any\",\"post_type\":\"attachment\",\"attachment_pg\":false,\"descriptions\":false,\"skip\":0}' style='--dg-icon-width: 24%'>\n<div class='document-icon-row'>\n   <div class=\"document-icon\">\n      <a href=\"https:\/\/igc.usp.br\/biblioteca\/wp-content\/uploads\/sites\/6\/2018\/11\/INFOBIB_-_Volume_19__n__2.pdf\" target=\"_blank\">\n         <img decoding=\"async\" src=\"http:\/\/igc.usp.br\/biblioteca\/wp-content\/uploads\/sites\/6\/2018\/11\/INFOBIB_-_Volume_19__n__2-thumb.png\" title=\"v.19, n.2, maio, 2017\" alt=\"v.19, n.2, maio, 2017\" data-ext=\"pdf\"\/>\n         <span class=\"title\">v.19, n.2, maio, 2017<\/span>\n      <\/a>\n   <\/div>\n   <div class=\"document-icon\">\n      <a href=\"https:\/\/igc.usp.br\/biblioteca\/wp-content\/uploads\/sites\/6\/2018\/11\/INFOBIB_-_Volume_19__n___1.pdf\" target=\"_blank\">\n         <img decoding=\"async\" src=\"http:\/\/igc.usp.br\/biblioteca\/wp-content\/uploads\/sites\/6\/2018\/11\/INFOBIB_-_Volume_19__n___1-thumb.png\" title=\"v.19, n.1, setembro, 2016\" alt=\"v.19, n.1, setembro, 2016\" data-ext=\"pdf\"\/>\n         <span class=\"title\">v.19, n.1, setembro, 2016<\/span>\n      <\/a>\n   <\/div>\n   <div class=\"document-icon\">\n      <a href=\"https:\/\/igc.usp.br\/biblioteca\/wp-content\/uploads\/sites\/6\/2018\/11\/INFOBIB_-_Volume_18__n___2.pdf\" target=\"_blank\">\n         <img decoding=\"async\" src=\"http:\/\/igc.usp.br\/biblioteca\/wp-content\/uploads\/sites\/6\/2018\/11\/INFOBIB_-_Volume_18__n___2-thumb.png\" title=\"v.18, n.2, mar\u00e7o, 2016\" alt=\"v.18, n.2, mar\u00e7o, 2016\" data-ext=\"pdf\"\/>\n         <span class=\"title\">v.18, n.2, mar\u00e7o, 2016<\/span>\n      <\/a>\n   <\/div>\n   <div class=\"document-icon\">\n      <a href=\"https:\/\/igc.usp.br\/biblioteca\/wp-content\/uploads\/sites\/6\/2018\/11\/INFOBIB_-_Volume_18__n___1.pdf\" target=\"_blank\">\n         <img decoding=\"async\" src=\"http:\/\/igc.usp.br\/biblioteca\/wp-content\/uploads\/sites\/6\/2018\/11\/INFOBIB_-_Volume_18__n___1-thumb.png\" title=\"v.18, n.1, setembro, 2015\" alt=\"v.18, n.1, setembro, 2015\" data-ext=\"pdf\"\/>\n         <span class=\"title\">v.18, n.1, setembro, 2015<\/span>\n      <\/a>\n   <\/div>\n\n<\/div>\n<div class='document-icon-row'>\n   <div class=\"document-icon\">\n      <a href=\"https:\/\/igc.usp.br\/biblioteca\/wp-content\/uploads\/sites\/6\/2018\/11\/INFOBIB_-_Volume_17__n___2.pdf\" target=\"_blank\">\n         <img decoding=\"async\" src=\"http:\/\/igc.usp.br\/biblioteca\/wp-content\/uploads\/sites\/6\/2018\/11\/INFOBIB_-_Volume_17__n___2-thumb.png\" title=\"v.17, n.2, fevereiro, 2015\" alt=\"v.17, n.2, fevereiro, 2015\" data-ext=\"pdf\"\/>\n         <span class=\"title\">v.17, n.2, fevereiro, 2015<\/span>\n      <\/a>\n   <\/div>\n   <div class=\"document-icon\">\n      <a href=\"https:\/\/igc.usp.br\/biblioteca\/wp-content\/uploads\/sites\/6\/2018\/11\/INFOBIB_-_Volume_17__n___1.pdf\" target=\"_blank\">\n         <img decoding=\"async\" src=\"http:\/\/igc.usp.br\/biblioteca\/wp-content\/uploads\/sites\/6\/2018\/11\/INFOBIB_-_Volume_17__n___1-thumb.png\" title=\"v.17, n.1, novembro, 2014\" alt=\"v.17, n.1, novembro, 2014\" data-ext=\"pdf\"\/>\n         <span class=\"title\">v.17, n.1, novembro, 2014<\/span>\n      <\/a>\n   <\/div>\n   <div class=\"document-icon\">\n      <a href=\"https:\/\/igc.usp.br\/biblioteca\/wp-content\/uploads\/sites\/6\/2018\/11\/INFOBIB_-_Volume_16__n___2.pdf\" target=\"_blank\">\n         <img decoding=\"async\" src=\"http:\/\/igc.usp.br\/biblioteca\/wp-content\/uploads\/sites\/6\/2018\/11\/INFOBIB_-_Volume_16__n___2-thumb.png\" title=\"v.16, n.2, fevereiro, 2014\" alt=\"v.16, n.2, fevereiro, 2014\" data-ext=\"pdf\"\/>\n         <span class=\"title\">v.16, n.2, fevereiro, 2014<\/span>\n      <\/a>\n   <\/div>\n   <div class=\"document-icon\">\n      <a href=\"https:\/\/igc.usp.br\/biblioteca\/wp-content\/uploads\/sites\/6\/2018\/11\/INFOBIB_-_Volume_16__n___1.pdf\" target=\"_blank\">\n         <img decoding=\"async\" src=\"http:\/\/igc.usp.br\/biblioteca\/wp-content\/uploads\/sites\/6\/2018\/11\/INFOBIB_-_Volume_16__n___1-thumb.png\" title=\"v.16, n.1, agosto, 2013\" alt=\"v.16, n.1, agosto, 2013\" data-ext=\"pdf\"\/>\n         <span class=\"title\">v.16, n.1, agosto, 2013<\/span>\n      <\/a>\n   <\/div>\n\n<\/div>\n<div class='document-icon-row'>\n   <div class=\"document-icon\">\n      <a href=\"https:\/\/igc.usp.br\/biblioteca\/wp-content\/uploads\/sites\/6\/2018\/11\/INFOBIB_-_Volume_15__n___1-2.pdf\" target=\"_blank\">\n         <img decoding=\"async\" src=\"http:\/\/igc.usp.br\/biblioteca\/wp-content\/uploads\/sites\/6\/2018\/11\/INFOBIB_-_Volume_15__n___1-2-thumb.png\" title=\"v.15, n.1, agosto, 2010\" alt=\"v.15, n.1, agosto, 2010\" data-ext=\"pdf\"\/>\n         <span class=\"title\">v.15, n.1, agosto, 2010<\/span>\n      <\/a>\n   <\/div>\n   <div class=\"document-icon\">\n      <a href=\"https:\/\/igc.usp.br\/biblioteca\/wp-content\/uploads\/sites\/6\/2018\/11\/INFOBIB_-_Volume_14__n___1-2.pdf\" target=\"_blank\">\n         <img decoding=\"async\" src=\"http:\/\/igc.usp.br\/biblioteca\/wp-content\/uploads\/sites\/6\/2018\/11\/INFOBIB_-_Volume_14__n___1-2-thumb.png\" title=\"v.14, n.1, mar\u00e7o, 2009\" alt=\"v.14, n.1, mar\u00e7o, 2009\" data-ext=\"pdf\"\/>\n         <span class=\"title\">v.14, n.1, mar\u00e7o, 2009<\/span>\n      <\/a>\n   <\/div>\n   <div class=\"document-icon\">\n      <a href=\"https:\/\/igc.usp.br\/biblioteca\/wp-content\/uploads\/sites\/6\/2018\/11\/INFOBIB_-_Volume_13__n___1-3.pdf\" target=\"_blank\">\n         <img decoding=\"async\" src=\"http:\/\/igc.usp.br\/biblioteca\/wp-content\/uploads\/sites\/6\/2018\/11\/INFOBIB_-_Volume_13__n___1-3-thumb.png\" title=\"v.13, n.1, mar\u00e7o, 2008\" alt=\"v.13, n.1, mar\u00e7o, 2008\" data-ext=\"pdf\"\/>\n         <span class=\"title\">v.13, n.1, mar\u00e7o, 2008<\/span>\n      <\/a>\n   <\/div>\n   <div class=\"document-icon\">\n      <a href=\"https:\/\/igc.usp.br\/biblioteca\/wp-content\/uploads\/sites\/6\/2018\/11\/INFOBIB_-_Volume_12__n___1-3.pdf\" target=\"_blank\">\n         <img decoding=\"async\" src=\"http:\/\/igc.usp.br\/biblioteca\/wp-content\/uploads\/sites\/6\/2018\/11\/INFOBIB_-_Volume_12__n___1-3-thumb.png\" title=\"v.12, n.1, mar\u00e7o, 2007\" alt=\"v.12, n.1, mar\u00e7o, 2007\" data-ext=\"pdf\"\/>\n         <span class=\"title\">v.12, n.1, mar\u00e7o, 2007<\/span>\n      <\/a>\n   <\/div>\n\n<\/div>\n<div class='document-icon-row'>\n   <div class=\"document-icon\">\n      <a href=\"https:\/\/igc.usp.br\/biblioteca\/wp-content\/uploads\/sites\/6\/2018\/11\/INFOBIB_-_Volume_11__n___1-3.pdf\" target=\"_blank\">\n         <img decoding=\"async\" src=\"http:\/\/igc.usp.br\/biblioteca\/wp-content\/uploads\/sites\/6\/2018\/11\/INFOBIB_-_Volume_11__n___1-3-thumb.png\" title=\"v.11, n.1, mar\u00e7o, 2006\" alt=\"v.11, n.1, mar\u00e7o, 2006\" data-ext=\"pdf\"\/>\n         <span class=\"title\">v.11, n.1, mar\u00e7o, 2006<\/span>\n      <\/a>\n   <\/div>\n   <div class=\"document-icon\">\n      <a href=\"https:\/\/igc.usp.br\/biblioteca\/wp-content\/uploads\/sites\/6\/2018\/11\/INFOBIB_-_Volume_10__n___1-3.pdf\" target=\"_blank\">\n         <img decoding=\"async\" src=\"http:\/\/igc.usp.br\/biblioteca\/wp-content\/uploads\/sites\/6\/2018\/11\/INFOBIB_-_Volume_10__n___1-3-thumb.png\" title=\"v.10, n.1, fevereiro, 2005\" alt=\"v.10, n.1, fevereiro, 2005\" data-ext=\"pdf\"\/>\n         <span class=\"title\">v.10, n.1, fevereiro, 2005<\/span>\n      <\/a>\n   <\/div>\n   <div class=\"document-icon\">\n      <a href=\"https:\/\/igc.usp.br\/biblioteca\/wp-content\/uploads\/sites\/6\/2018\/11\/INFOBIB_-_Volume_09__n___1-4.pdf\" target=\"_blank\">\n         <img decoding=\"async\" src=\"http:\/\/igc.usp.br\/biblioteca\/wp-content\/uploads\/sites\/6\/2018\/11\/INFOBIB_-_Volume_09__n___1-4-thumb.png\" title=\"v.9, n.1, mar\u00e7o, 2004\" alt=\"v.9, n.1, mar\u00e7o, 2004\" data-ext=\"pdf\"\/>\n         <span class=\"title\">v.9, n.1, mar\u00e7o, 2004<\/span>\n      <\/a>\n   <\/div>\n   <div class=\"document-icon\">\n      <a href=\"https:\/\/igc.usp.br\/biblioteca\/wp-content\/uploads\/sites\/6\/2018\/11\/INFOBIB_-_Volume_08__n___1-7.pdf\" target=\"_blank\">\n         <img decoding=\"async\" src=\"http:\/\/igc.usp.br\/biblioteca\/wp-content\/uploads\/sites\/6\/2018\/11\/INFOBIB_-_Volume_08__n___1-7-thumb.png\" title=\"v.8, n.1, fevereiro, 2003\" alt=\"v.8, n.1, fevereiro, 2003\" data-ext=\"pdf\"\/>\n         <span class=\"title\">v.8, n.1, fevereiro, 2003<\/span>\n      <\/a>\n   <\/div>\n\n<\/div>\n<div class='document-icon-row'>\n   <div class=\"document-icon\">\n      <a href=\"https:\/\/igc.usp.br\/biblioteca\/wp-content\/uploads\/sites\/6\/2018\/11\/INFOBIB_-_Volume_07__n___1-11.pdf\" target=\"_blank\">\n         <img decoding=\"async\" src=\"http:\/\/igc.usp.br\/biblioteca\/wp-content\/uploads\/sites\/6\/2018\/11\/INFOBIB_-_Volume_07__n___1-11-thumb.png\" title=\"v.7, n.1, janeiro, 2002\" alt=\"v.7, n.1, janeiro, 2002\" data-ext=\"pdf\"\/>\n         <span class=\"title\">v.7, n.1, janeiro, 2002<\/span>\n      <\/a>\n   <\/div>\n   <div class=\"document-icon\">\n      <a href=\"https:\/\/igc.usp.br\/biblioteca\/wp-content\/uploads\/sites\/6\/2018\/11\/INFOBIB_-_Volume_06__n___1-9.pdf\" target=\"_blank\">\n         <img decoding=\"async\" src=\"http:\/\/igc.usp.br\/biblioteca\/wp-content\/uploads\/sites\/6\/2018\/11\/INFOBIB_-_Volume_06__n___1-9-thumb.png\" title=\"v.6, n.1, fevereiro, 2001\" alt=\"v.6, n.1, fevereiro, 2001\" data-ext=\"pdf\"\/>\n         <span class=\"title\">v.6, n.1, fevereiro, 2001<\/span>\n      <\/a>\n   <\/div>\n   <div class=\"document-icon\">\n      <a href=\"https:\/\/igc.usp.br\/biblioteca\/wp-content\/uploads\/sites\/6\/2018\/11\/INFOBIB_-_Volume_05__n___1-2.pdf\" target=\"_blank\">\n         <img decoding=\"async\" src=\"http:\/\/igc.usp.br\/biblioteca\/wp-content\/uploads\/sites\/6\/2018\/11\/INFOBIB_-_Volume_05__n___1-2-thumb.png\" title=\"v.5, n.1, fevereiro, 2000\" alt=\"v.5, n.1, fevereiro, 2000\" data-ext=\"pdf\"\/>\n         <span class=\"title\">v.5, n.1, fevereiro, 2000<\/span>\n      <\/a>\n   <\/div>\n   <div class=\"document-icon\">\n      <a href=\"https:\/\/igc.usp.br\/biblioteca\/wp-content\/uploads\/sites\/6\/2018\/11\/INFOBIB_-_Volume_04__n___1-2.pdf\" target=\"_blank\">\n         <img decoding=\"async\" src=\"http:\/\/igc.usp.br\/biblioteca\/wp-content\/uploads\/sites\/6\/2018\/11\/INFOBIB_-_Volume_04__n___1-2-thumb.png\" title=\"v.4, n.1, mar\u00e7o, 1999\" alt=\"v.4, n.1, mar\u00e7o, 1999\" data-ext=\"pdf\"\/>\n         <span class=\"title\">v.4, n.1, mar\u00e7o, 1999<\/span>\n      <\/a>\n   <\/div>\n\n<\/div>\n<div class='document-icon-row'>\n   <div class=\"document-icon\">\n      <a href=\"https:\/\/igc.usp.br\/biblioteca\/wp-content\/uploads\/sites\/6\/2018\/11\/INFOBIB_-_Volume_03__n___1.pdf\" target=\"_blank\">\n         <img decoding=\"async\" src=\"http:\/\/igc.usp.br\/biblioteca\/wp-content\/uploads\/sites\/6\/2018\/11\/INFOBIB_-_Volume_03__n___1-thumb.png\" title=\"v.3, n.1, junho, 1998\" alt=\"v.3, n.1, junho, 1998\" data-ext=\"pdf\"\/>\n         <span class=\"title\">v.3, n.1, junho, 1998<\/span>\n      <\/a>\n   <\/div>\n   <div class=\"document-icon\">\n      <a href=\"https:\/\/igc.usp.br\/biblioteca\/wp-content\/uploads\/sites\/6\/2018\/11\/INFOBIB_-_Volume_02__n___1.pdf\" target=\"_blank\">\n         <img decoding=\"async\" src=\"http:\/\/igc.usp.br\/biblioteca\/wp-content\/uploads\/sites\/6\/2018\/11\/INFOBIB_-_Volume_02__n___1-thumb.png\" title=\"v.2, n.1, mar\u00e7o, 1997\" alt=\"v.2, n.1, mar\u00e7o, 1997\" data-ext=\"pdf\"\/>\n         <span class=\"title\">v.2, n.1, mar\u00e7o, 1997<\/span>\n      <\/a>\n   <\/div>\n   <div class=\"document-icon\">\n      <a href=\"https:\/\/igc.usp.br\/biblioteca\/wp-content\/uploads\/sites\/6\/2018\/11\/INFOBIB_-_Volume_01__n___1-3.pdf\" target=\"_blank\">\n         <img decoding=\"async\" src=\"http:\/\/igc.usp.br\/biblioteca\/wp-content\/uploads\/sites\/6\/2018\/11\/INFOBIB_-_Volume_01__n___1-3-thumb.png\" title=\"v.1, n.1-3, maio, 1996\" alt=\"v.1, n.1-3, maio, 1996\" data-ext=\"pdf\"\/>\n         <span class=\"title\">v.1, n.1-3, maio, 1996<\/span>\n      <\/a>\n   <\/div>\n\n<\/div>\n<\/div>\n","protected":false},"excerpt":{"rendered":"<p>INFOBIB \u00e9 o &#8220;Informativo da Biblioteca do Instituto de Geoci\u00eancias&#8220;. No momento ele encontra-se sem novas publica\u00e7\u00f5es, por\u00e9m disponibilizamos aqui suas edi\u00e7\u00f5es passadas a fim de preservar sua hist\u00f3ria.<\/p>\n","protected":false},"author":6,"featured_media":0,"parent":19,"menu_order":0,"comment_status":"closed","ping_status":"closed","template":"","meta":{"_acf_changed":false,"om_disable_all_campaigns":false,"_monsterinsights_skip_tracking":false,"_monsterinsights_sitenote_active":false,"_monsterinsights_sitenote_note":"","_monsterinsights_sitenote_category":0,"_uf_show_specific_survey":0,"_uf_disable_surveys":false,"footnotes":"","_links_to":"","_links_to_target":""},"class_list":["post-531","page","type-page","status-publish","hentry"],"acf":[],"aioseo_notices":[],"publishpress_future_action":{"enabled":false,"date":"2026-05-21 09:32:08","action":"change-status","newStatus":"draft","terms":[],"taxonomy":"language","extraData":[]},"publishpress_future_workflow_manual_trigger":{"enabledWorkflows":[]},"_links":{"self":[{"href":"https:\/\/igc.usp.br\/biblioteca\/wp-json\/wp\/v2\/pages\/531","targetHints":{"allow":["GET"]}}],"collection":[{"href":"https:\/\/igc.usp.br\/biblioteca\/wp-json\/wp\/v2\/pages"}],"about":[{"href":"https:\/\/igc.usp.br\/biblioteca\/wp-json\/wp\/v2\/types\/page"}],"author":[{"embeddable":true,"href":"https:\/\/igc.usp.br\/biblioteca\/wp-json\/wp\/v2\/users\/6"}],"replies":[{"embeddable":true,"href":"https:\/\/igc.usp.br\/biblioteca\/wp-json\/wp\/v2\/comments?post=531"}],"version-history":[{"count":6,"href":"https:\/\/igc.usp.br\/biblioteca\/wp-json\/wp\/v2\/pages\/531\/revisions"}],"predecessor-version":[{"id":555,"href":"https:\/\/igc.usp.br\/biblioteca\/wp-json\/wp\/v2\/pages\/531\/revisions\/555"}],"up":[{"embeddable":true,"href":"https:\/\/igc.usp.br\/biblioteca\/wp-json\/wp\/v2\/pages\/19"}],"wp:attachment":[{"href":"https:\/\/igc.usp.br\/biblioteca\/wp-json\/wp\/v2\/media?parent=531"}],"curies":[{"name":"wp","href":"https:\/\/api.w.org\/{rel}","templated":true}]}}