{"id":1258,"date":"2021-04-12T18:01:11","date_gmt":"2021-04-12T21:01:11","guid":{"rendered":"http:\/\/igc.usp.br\/biblioteca\/?page_id=1258"},"modified":"2025-03-18T19:34:46","modified_gmt":"2025-03-18T22:34:46","slug":"mapas","status":"publish","type":"page","link":"https:\/\/igc.usp.br\/biblioteca\/recursos\/mapas\/","title":{"rendered":"Mapas"},"content":{"rendered":"\n<p>Lista selecionada com as principais bases de mapas:<\/p>\n\n\n\r\n\r\n\t<a href=\"#\"class=\"sld_scrollToTop\">Scroll To Top<\/a>\r\n\r\n<!--  Starting Simple Link Directory Plugin Output -->\r\n\r\n<div class=\"qcopd_embed_container sld-top-area\">\r\n\r\n\t\r\n\r\n\r\n\r\n\r\n<\/div>\r\n<div class=\"qcld-main-container-style-1\"><div class=\"qcopd-list-wrapper\" ><div id=\"opd-list-holder\" class=\"qc-grid qcopd-list-holder opd-list-holder-style-1\">\r\n\t\t\r\n\r\n\t\t<div id=\"qcopd-list-1-515\" class=\"qc-grid-item qcopd-list-column opd-column-1 style-1 opd-list-id-515\">\r\n\r\n\t\t\t<div class=\"qcopd-single-list-1\">\r\n\t\t\t\t\r\n\t\t\t\t<h2>\r\n\t\t\t\t\tMapas\t\t\t\t<\/h2>\r\n\t\t\t\t<ul class=\"ca-menu\">\r\n\t\t\t\t\t\t\t\t\t\t\t\t\t\t\t\r\n\t\t\t\t\t<li id=\"item-515-1\" style=\"\">\r\n\t\t\t\t\t\t\t\t\t\t\t\t<!-- List Anchor -->\r\n\t\t\t\t\t\t<a class=\"qcld-con-list-img\"  href=\"https:\/\/colecoes.igc.usp.br\/colecao\/mapoteca\" target=\"_blank\">\r\n\r\n\t\t\t\t\t\t\t<!-- Image, If Present -->\r\n\t\t\t\t\t\t\t\t\t\t\t\t\t\t\t<span class=\"ca-icon list-img-1\">\r\n\t\t\t\t\t\t\t\t\t\t\t\t\t\t\t\t\t\t<img decoding=\"async\" src=\"https:\/\/igc.usp.br\/biblioteca\/wp-content\/uploads\/sites\/6\/2018\/11\/screenshot-mapoteca.igc_.usp_.br-2018.11.08-16-46-58-150x150.png\" alt=\"GEOmapas: Instituto de Geoci\u00eancias da USP\">\r\n\t\t\t\t\t\t\t\t<\/span>\r\n\t\t\t\t\t\t\t\t\t\t\t\t\t\t<\/a>\r\n\t\t\t\t\t\t\t<a class=\"qcld-con-list\"  href=\"https:\/\/colecoes.igc.usp.br\/colecao\/mapoteca\" target=\"_blank\">\r\n\r\n\t\t\t\t\t\t\t<div class=\"qcld-sld-content-dividar visible\"><\/div>\r\n\t\t\t\t\t\t\t<!-- Link Text -->\r\n\t\t\t\t\t\t\t<div class=\"ca-content\">\r\n                                <h3 class=\"ca-main subtitle-present\">\r\n\t\t\t\t\t\t\t\tGEOmapas: Instituto de Geoci\u00eancias da USP                                <\/h3>\r\n                                \t                                <p class=\"ca-sub\">\r\n\t                                Mapas digitalizados pela Biblioteca do IGc\/USP [Acesso Restrito]\t                                <\/p>\r\n\t                                                        <\/div>\r\n\r\n\t\t\t\t\t\t<\/a>\r\n\t\t\t\t\t\t\r\n\t\t\t\t\t\t\t<!-- upvote section -->\r\n\t\t\t\t\t\t\t<div class=\"upvote-section style-1-upvote-section\">\r\n\t\t\t\t\t\t\t\t<span data-post-id=\"515\" data-item-title=\"GEOmapas: Instituto de Geoci\u00eancias da USP\" data-item-link=\"https:\/\/colecoes.igc.usp.br\/colecao\/mapoteca\" class=\"upvote-btn upvote-on\">\r\n\t\t\t\t\t\t\t\t\t<i class=\"fa fa-thumbs-up\"><\/i>\r\n\t\t\t\t\t\t\t\t<\/span>\r\n\t\t\t\t\t\t\t\t<span class=\"upvote-count\">\r\n\t\t\t\t\t\t\t\t\t4\t\t\t\t\t\t\t\t<\/span>\r\n\t\t\t\t\t\t\t<\/div>\r\n\t\t\t\t\t\t\t<!-- \/upvote section -->\r\n\r\n\t\t\t\t\t\t\t\t\t\t\t\t\r\n\t\t\t\t\t\t\t\t\t\t\t\t\t<!-- featured section -->\r\n\t\t\t\t\t\t\t<div class=\"featured-section\">\r\n\t\t\t\t\t\t\t\t<i class=\"fa fa-bolt\"><\/i>\r\n\t\t\t\t\t\t\t<\/div>\r\n\t\t\t\t\t\t\t<!-- \/featured section -->\r\n\t\t\t\t\t\t\t\t\t\t\t\t\r\n\t\t\t\t\t<\/li>\r\n\t\t\t\t\t\t\t\t\t\t\r\n\t\t\t\t\t<li id=\"item-515-2\" style=\"\">\r\n\t\t\t\t\t\t\t\t\t\t\t\t<!-- List Anchor -->\r\n\t\t\t\t\t\t<a class=\"qcld-con-list-img\"  href=\"http:\/\/geosgb.cprm.gov.br\/downloads\/\" target=\"_blank\">\r\n\r\n\t\t\t\t\t\t\t<!-- Image, If Present -->\r\n\t\t\t\t\t\t\t\t\t\t\t\t\t\t\t<span class=\"ca-icon list-img-1\">\r\n\t\t\t\t\t\t\t\t\t\t\t\t\t\t\t\t\t\t<img decoding=\"async\" src=\"https:\/\/igc.usp.br\/biblioteca\/wp-content\/uploads\/sites\/6\/2018\/11\/screenshot-www.cprm_.gov_.br-2018.11.08-16-39-14-150x150.png\" alt=\"CPRM\">\r\n\t\t\t\t\t\t\t\t<\/span>\r\n\t\t\t\t\t\t\t\t\t\t\t\t\t\t<\/a>\r\n\t\t\t\t\t\t\t<a class=\"qcld-con-list\"  href=\"http:\/\/geosgb.cprm.gov.br\/downloads\/\" target=\"_blank\">\r\n\r\n\t\t\t\t\t\t\t<div class=\"qcld-sld-content-dividar visible\"><\/div>\r\n\t\t\t\t\t\t\t<!-- Link Text -->\r\n\t\t\t\t\t\t\t<div class=\"ca-content\">\r\n                                <h3 class=\"ca-main subtitle-present\">\r\n\t\t\t\t\t\t\t\tCPRM                                <\/h3>\r\n                                \t                                <p class=\"ca-sub\">\r\n\t                                Servi\u00e7o Geol\u00f3gico do Brasil\t                                <\/p>\r\n\t                                                        <\/div>\r\n\r\n\t\t\t\t\t\t<\/a>\r\n\t\t\t\t\t\t\r\n\t\t\t\t\t\t\t<!-- upvote section -->\r\n\t\t\t\t\t\t\t<div class=\"upvote-section style-1-upvote-section\">\r\n\t\t\t\t\t\t\t\t<span data-post-id=\"515\" data-item-title=\"CPRM\" data-item-link=\"http:\/\/geosgb.cprm.gov.br\/downloads\/\" class=\"upvote-btn upvote-on\">\r\n\t\t\t\t\t\t\t\t\t<i class=\"fa fa-thumbs-up\"><\/i>\r\n\t\t\t\t\t\t\t\t<\/span>\r\n\t\t\t\t\t\t\t\t<span class=\"upvote-count\">\r\n\t\t\t\t\t\t\t\t\t4\t\t\t\t\t\t\t\t<\/span>\r\n\t\t\t\t\t\t\t<\/div>\r\n\t\t\t\t\t\t\t<!-- \/upvote section -->\r\n\r\n\t\t\t\t\t\t\t\t\t\t\t\t\r\n\t\t\t\t\t\t\t\t\t\t\t\t\r\n\t\t\t\t\t<\/li>\r\n\t\t\t\t\t\t\t\t\t\t\r\n\t\t\t\t\t<li id=\"item-515-3\" style=\"\">\r\n\t\t\t\t\t\t\t\t\t\t\t\t<!-- List Anchor -->\r\n\t\t\t\t\t\t<a class=\"qcld-con-list-img\"  href=\"https:\/\/bibliotecavirtual.emplasa.sp.gov.br\/CatalogoEmplasa.aspx\" target=\"_blank\">\r\n\r\n\t\t\t\t\t\t\t<!-- Image, If Present -->\r\n\t\t\t\t\t\t\t\t\t\t\t\t\t\t\t<span class=\"ca-icon list-img-1\">\r\n\t\t\t\t\t\t\t\t\t\t\t\t\t\t\t\t\t\t<img decoding=\"async\" src=\"https:\/\/igc.usp.br\/biblioteca\/wp-content\/uploads\/sites\/6\/2018\/11\/screenshot-www.emplasa.sp_.gov_.br-2018.11.08-16-39-42-150x150.png\" alt=\"EMPLASA\">\r\n\t\t\t\t\t\t\t\t<\/span>\r\n\t\t\t\t\t\t\t\t\t\t\t\t\t\t<\/a>\r\n\t\t\t\t\t\t\t<a class=\"qcld-con-list\"  href=\"https:\/\/bibliotecavirtual.emplasa.sp.gov.br\/CatalogoEmplasa.aspx\" target=\"_blank\">\r\n\r\n\t\t\t\t\t\t\t<div class=\"qcld-sld-content-dividar visible\"><\/div>\r\n\t\t\t\t\t\t\t<!-- Link Text -->\r\n\t\t\t\t\t\t\t<div class=\"ca-content\">\r\n                                <h3 class=\"ca-main subtitle-present\">\r\n\t\t\t\t\t\t\t\tEMPLASA                                <\/h3>\r\n                                \t                                <p class=\"ca-sub\">\r\n\t                                Empresa Paulista de Planejamento Metropolitano S\/A\t                                <\/p>\r\n\t                                                        <\/div>\r\n\r\n\t\t\t\t\t\t<\/a>\r\n\t\t\t\t\t\t\r\n\t\t\t\t\t\t\t<!-- upvote section -->\r\n\t\t\t\t\t\t\t<div class=\"upvote-section style-1-upvote-section\">\r\n\t\t\t\t\t\t\t\t<span data-post-id=\"515\" data-item-title=\"EMPLASA\" data-item-link=\"https:\/\/bibliotecavirtual.emplasa.sp.gov.br\/CatalogoEmplasa.aspx\" class=\"upvote-btn upvote-on\">\r\n\t\t\t\t\t\t\t\t\t<i class=\"fa fa-thumbs-up\"><\/i>\r\n\t\t\t\t\t\t\t\t<\/span>\r\n\t\t\t\t\t\t\t\t<span class=\"upvote-count\">\r\n\t\t\t\t\t\t\t\t\t3\t\t\t\t\t\t\t\t<\/span>\r\n\t\t\t\t\t\t\t<\/div>\r\n\t\t\t\t\t\t\t<!-- \/upvote section -->\r\n\r\n\t\t\t\t\t\t\t\t\t\t\t\t\r\n\t\t\t\t\t\t\t\t\t\t\t\t\r\n\t\t\t\t\t<\/li>\r\n\t\t\t\t\t\t\t\t\t\t\r\n\t\t\t\t\t<li id=\"item-515-4\" style=\"\">\r\n\t\t\t\t\t\t\t\t\t\t\t\t<!-- List Anchor -->\r\n\t\t\t\t\t\t<a class=\"qcld-con-list-img\"  href=\"https:\/\/www.google.com\/earth\/\" target=\"_blank\">\r\n\r\n\t\t\t\t\t\t\t<!-- Image, If Present -->\r\n\t\t\t\t\t\t\t\t\t\t\t\t\t\t\t<span class=\"ca-icon list-img-1\">\r\n\t\t\t\t\t\t\t\t\t\t\t\t\t\t\t\t\t\t<img decoding=\"async\" src=\"https:\/\/igc.usp.br\/biblioteca\/wp-content\/uploads\/sites\/6\/2018\/11\/screenshot-www.google.com-2018.11.08-16-40-01-150x150.png\" alt=\"Google Earth\">\r\n\t\t\t\t\t\t\t\t<\/span>\r\n\t\t\t\t\t\t\t\t\t\t\t\t\t\t<\/a>\r\n\t\t\t\t\t\t\t<a class=\"qcld-con-list\"  href=\"https:\/\/www.google.com\/earth\/\" target=\"_blank\">\r\n\r\n\t\t\t\t\t\t\t<div class=\"qcld-sld-content-dividar visible\"><\/div>\r\n\t\t\t\t\t\t\t<!-- Link Text -->\r\n\t\t\t\t\t\t\t<div class=\"ca-content\">\r\n                                <h3 class=\"ca-main subtitle-absent\">\r\n\t\t\t\t\t\t\t\tGoogle Earth                                <\/h3>\r\n                                \t                                <p class=\"ca-sub\">\r\n\t                                \t                                <\/p>\r\n\t                                                        <\/div>\r\n\r\n\t\t\t\t\t\t<\/a>\r\n\t\t\t\t\t\t\r\n\t\t\t\t\t\t\t<!-- upvote section -->\r\n\t\t\t\t\t\t\t<div class=\"upvote-section style-1-upvote-section\">\r\n\t\t\t\t\t\t\t\t<span data-post-id=\"515\" data-item-title=\"Google Earth\" data-item-link=\"https:\/\/www.google.com\/earth\/\" class=\"upvote-btn upvote-on\">\r\n\t\t\t\t\t\t\t\t\t<i class=\"fa fa-thumbs-up\"><\/i>\r\n\t\t\t\t\t\t\t\t<\/span>\r\n\t\t\t\t\t\t\t\t<span class=\"upvote-count\">\r\n\t\t\t\t\t\t\t\t\t1\t\t\t\t\t\t\t\t<\/span>\r\n\t\t\t\t\t\t\t<\/div>\r\n\t\t\t\t\t\t\t<!-- \/upvote section -->\r\n\r\n\t\t\t\t\t\t\t\t\t\t\t\t\r\n\t\t\t\t\t\t\t\t\t\t\t\t\r\n\t\t\t\t\t<\/li>\r\n\t\t\t\t\t\t\t\t\t\t\r\n\t\t\t\t\t<li id=\"item-515-5\" style=\"\">\r\n\t\t\t\t\t\t\t\t\t\t\t\t<!-- List Anchor -->\r\n\t\t\t\t\t\t<a class=\"qcld-con-list-img\"  href=\"http:\/\/www.igc.sp.gov.br\/\" target=\"_blank\">\r\n\r\n\t\t\t\t\t\t\t<!-- Image, If Present -->\r\n\t\t\t\t\t\t\t\t\t\t\t\t\t\t\t<span class=\"ca-icon list-img-1\">\r\n\t\t\t\t\t\t\t\t\t\t\t\t\t\t\t\t\t\t<img decoding=\"async\" src=\"https:\/\/igc.usp.br\/biblioteca\/wp-content\/uploads\/sites\/6\/2018\/11\/screenshot-www.igc_.sp_.gov_.br-2018.11.08-16-40-27-150x150.png\" alt=\"IGC\">\r\n\t\t\t\t\t\t\t\t<\/span>\r\n\t\t\t\t\t\t\t\t\t\t\t\t\t\t<\/a>\r\n\t\t\t\t\t\t\t<a class=\"qcld-con-list\"  href=\"http:\/\/www.igc.sp.gov.br\/\" target=\"_blank\">\r\n\r\n\t\t\t\t\t\t\t<div class=\"qcld-sld-content-dividar visible\"><\/div>\r\n\t\t\t\t\t\t\t<!-- Link Text -->\r\n\t\t\t\t\t\t\t<div class=\"ca-content\">\r\n                                <h3 class=\"ca-main subtitle-present\">\r\n\t\t\t\t\t\t\t\tIGC                                <\/h3>\r\n                                \t                                <p class=\"ca-sub\">\r\n\t                                Instituto Geogr\u00e1fico e Cartogr\u00e1fico do Estado de S\u00e3o Paulo\t                                <\/p>\r\n\t                                                        <\/div>\r\n\r\n\t\t\t\t\t\t<\/a>\r\n\t\t\t\t\t\t\r\n\t\t\t\t\t\t\t<!-- upvote section -->\r\n\t\t\t\t\t\t\t<div class=\"upvote-section style-1-upvote-section\">\r\n\t\t\t\t\t\t\t\t<span data-post-id=\"515\" data-item-title=\"IGC\" data-item-link=\"http:\/\/www.igc.sp.gov.br\/\" class=\"upvote-btn upvote-on\">\r\n\t\t\t\t\t\t\t\t\t<i class=\"fa fa-thumbs-up\"><\/i>\r\n\t\t\t\t\t\t\t\t<\/span>\r\n\t\t\t\t\t\t\t\t<span class=\"upvote-count\">\r\n\t\t\t\t\t\t\t\t\t3\t\t\t\t\t\t\t\t<\/span>\r\n\t\t\t\t\t\t\t<\/div>\r\n\t\t\t\t\t\t\t<!-- \/upvote section -->\r\n\r\n\t\t\t\t\t\t\t\t\t\t\t\t\r\n\t\t\t\t\t\t\t\t\t\t\t\t\r\n\t\t\t\t\t<\/li>\r\n\t\t\t\t\t\t\t\t\t\t\r\n\t\t\t\t\t<li id=\"item-515-6\" style=\"\">\r\n\t\t\t\t\t\t\t\t\t\t\t\t<!-- List Anchor -->\r\n\t\t\t\t\t\t<a class=\"qcld-con-list-img\"  href=\"http:\/\/igeologico.sp.gov.br\/\" target=\"_blank\">\r\n\r\n\t\t\t\t\t\t\t<!-- Image, If Present -->\r\n\t\t\t\t\t\t\t\t\t\t\t\t\t\t\t<span class=\"ca-icon list-img-1\">\r\n\t\t\t\t\t\t\t\t\t\t\t\t\t\t\t\t\t\t<img decoding=\"async\" src=\"https:\/\/igc.usp.br\/biblioteca\/wp-content\/uploads\/sites\/6\/2018\/11\/screenshot-igeologico.sp_.gov_.br-2018.11.08-16-40-41-150x150.png\" alt=\"IG\">\r\n\t\t\t\t\t\t\t\t<\/span>\r\n\t\t\t\t\t\t\t\t\t\t\t\t\t\t<\/a>\r\n\t\t\t\t\t\t\t<a class=\"qcld-con-list\"  href=\"http:\/\/igeologico.sp.gov.br\/\" target=\"_blank\">\r\n\r\n\t\t\t\t\t\t\t<div class=\"qcld-sld-content-dividar visible\"><\/div>\r\n\t\t\t\t\t\t\t<!-- Link Text -->\r\n\t\t\t\t\t\t\t<div class=\"ca-content\">\r\n                                <h3 class=\"ca-main subtitle-present\">\r\n\t\t\t\t\t\t\t\tIG                                <\/h3>\r\n                                \t                                <p class=\"ca-sub\">\r\n\t                                Instituto Geol\u00f3gico - Secretaria do Meio Ambiente\t                                <\/p>\r\n\t                                                        <\/div>\r\n\r\n\t\t\t\t\t\t<\/a>\r\n\t\t\t\t\t\t\r\n\t\t\t\t\t\t\t<!-- upvote section -->\r\n\t\t\t\t\t\t\t<div class=\"upvote-section style-1-upvote-section\">\r\n\t\t\t\t\t\t\t\t<span data-post-id=\"515\" data-item-title=\"IG\" data-item-link=\"http:\/\/igeologico.sp.gov.br\/\" class=\"upvote-btn upvote-on\">\r\n\t\t\t\t\t\t\t\t\t<i class=\"fa fa-thumbs-up\"><\/i>\r\n\t\t\t\t\t\t\t\t<\/span>\r\n\t\t\t\t\t\t\t\t<span class=\"upvote-count\">\r\n\t\t\t\t\t\t\t\t\t1\t\t\t\t\t\t\t\t<\/span>\r\n\t\t\t\t\t\t\t<\/div>\r\n\t\t\t\t\t\t\t<!-- \/upvote section -->\r\n\r\n\t\t\t\t\t\t\t\t\t\t\t\t\r\n\t\t\t\t\t\t\t\t\t\t\t\t\r\n\t\t\t\t\t<\/li>\r\n\t\t\t\t\t\t\t\t\t\t\r\n\t\t\t\t\t<li id=\"item-515-7\" style=\"\">\r\n\t\t\t\t\t\t\t\t\t\t\t\t<!-- List Anchor -->\r\n\t\t\t\t\t\t<a class=\"qcld-con-list-img\"  href=\"http:\/\/portaldemapas.ibge.gov.br\/\" target=\"_blank\">\r\n\r\n\t\t\t\t\t\t\t<!-- Image, If Present -->\r\n\t\t\t\t\t\t\t\t\t\t\t\t\t\t\t<span class=\"ca-icon list-img-1\">\r\n\t\t\t\t\t\t\t\t\t\t\t\t\t\t\t\t\t\t<img decoding=\"async\" src=\"https:\/\/igc.usp.br\/biblioteca\/wp-content\/uploads\/sites\/6\/2018\/11\/screenshot-portaldemapas.ibge_.gov_.br-2018.11.08-16-40-58-150x150.png\" alt=\"Portal de Mapas do IBGE\">\r\n\t\t\t\t\t\t\t\t<\/span>\r\n\t\t\t\t\t\t\t\t\t\t\t\t\t\t<\/a>\r\n\t\t\t\t\t\t\t<a class=\"qcld-con-list\"  href=\"http:\/\/portaldemapas.ibge.gov.br\/\" target=\"_blank\">\r\n\r\n\t\t\t\t\t\t\t<div class=\"qcld-sld-content-dividar visible\"><\/div>\r\n\t\t\t\t\t\t\t<!-- Link Text -->\r\n\t\t\t\t\t\t\t<div class=\"ca-content\">\r\n                                <h3 class=\"ca-main subtitle-present\">\r\n\t\t\t\t\t\t\t\tPortal de Mapas do IBGE                                <\/h3>\r\n                                \t                                <p class=\"ca-sub\">\r\n\t                                Instituto Brasileiro de Geografia e Estat\u00edstica\t                                <\/p>\r\n\t                                                        <\/div>\r\n\r\n\t\t\t\t\t\t<\/a>\r\n\t\t\t\t\t\t\r\n\t\t\t\t\t\t\t<!-- upvote section -->\r\n\t\t\t\t\t\t\t<div class=\"upvote-section style-1-upvote-section\">\r\n\t\t\t\t\t\t\t\t<span data-post-id=\"515\" data-item-title=\"Portal de Mapas do IBGE\" data-item-link=\"http:\/\/portaldemapas.ibge.gov.br\/\" class=\"upvote-btn upvote-on\">\r\n\t\t\t\t\t\t\t\t\t<i class=\"fa fa-thumbs-up\"><\/i>\r\n\t\t\t\t\t\t\t\t<\/span>\r\n\t\t\t\t\t\t\t\t<span class=\"upvote-count\">\r\n\t\t\t\t\t\t\t\t\t2\t\t\t\t\t\t\t\t<\/span>\r\n\t\t\t\t\t\t\t<\/div>\r\n\t\t\t\t\t\t\t<!-- \/upvote section -->\r\n\r\n\t\t\t\t\t\t\t\t\t\t\t\t\r\n\t\t\t\t\t\t\t\t\t\t\t\t\r\n\t\t\t\t\t<\/li>\r\n\t\t\t\t\t\t\t\t\t\t\r\n\t\t\t\t\t<li id=\"item-515-8\" style=\"\">\r\n\t\t\t\t\t\t\t\t\t\t\t\t<!-- List Anchor -->\r\n\t\t\t\t\t\t<a class=\"qcld-con-list-img\"  href=\"https:\/\/uit.emplasa.sp.gov.br\/\" >\r\n\r\n\t\t\t\t\t\t\t<!-- Image, If Present -->\r\n\t\t\t\t\t\t\t\t\t\t\t\t\t\t\t<span class=\"ca-icon list-img-1\">\r\n\t\t\t\t\t\t\t\t\t\t\t\t\t\t\t\t\t\t<img decoding=\"async\" src=\"https:\/\/igc.usp.br\/biblioteca\/wp-content\/uploads\/sites\/6\/2018\/11\/logo_sim_480-150x89.png\" alt=\"UIT-GEO\">\r\n\t\t\t\t\t\t\t\t<\/span>\r\n\t\t\t\t\t\t\t\t\t\t\t\t\t\t<\/a>\r\n\t\t\t\t\t\t\t<a class=\"qcld-con-list\"  href=\"https:\/\/uit.emplasa.sp.gov.br\/\" >\r\n\r\n\t\t\t\t\t\t\t<div class=\"qcld-sld-content-dividar visible\"><\/div>\r\n\t\t\t\t\t\t\t<!-- Link Text -->\r\n\t\t\t\t\t\t\t<div class=\"ca-content\">\r\n                                <h3 class=\"ca-main subtitle-present\">\r\n\t\t\t\t\t\t\t\tUIT-GEO                                <\/h3>\r\n                                \t                                <p class=\"ca-sub\">\r\n\t                                Sistema de Unidades de Informa\u00e7\u00f5es Territorializadas\t                                <\/p>\r\n\t                                                        <\/div>\r\n\r\n\t\t\t\t\t\t<\/a>\r\n\t\t\t\t\t\t\r\n\t\t\t\t\t\t\t<!-- upvote section -->\r\n\t\t\t\t\t\t\t<div class=\"upvote-section style-1-upvote-section\">\r\n\t\t\t\t\t\t\t\t<span data-post-id=\"515\" data-item-title=\"UIT-GEO\" data-item-link=\"https:\/\/uit.emplasa.sp.gov.br\/\" class=\"upvote-btn upvote-on\">\r\n\t\t\t\t\t\t\t\t\t<i class=\"fa fa-thumbs-up\"><\/i>\r\n\t\t\t\t\t\t\t\t<\/span>\r\n\t\t\t\t\t\t\t\t<span class=\"upvote-count\">\r\n\t\t\t\t\t\t\t\t\t\t\t\t\t\t\t\t\t<\/span>\r\n\t\t\t\t\t\t\t<\/div>\r\n\t\t\t\t\t\t\t<!-- \/upvote section -->\r\n\r\n\t\t\t\t\t\t\t\t\t\t\t\t\r\n\t\t\t\t\t\t\t\t\t\t\t\t\r\n\t\t\t\t\t<\/li>\r\n\t\t\t\t\t\t\t\t\t\t\r\n\t\t\t\t\t<li id=\"item-515-9\" style=\"\">\r\n\t\t\t\t\t\t\t\t\t\t\t\t<!-- List Anchor -->\r\n\t\t\t\t\t\t<a class=\"qcld-con-list-img\"  href=\"https:\/\/bdgex.eb.mil.br\/\" target=\"_blank\">\r\n\r\n\t\t\t\t\t\t\t<!-- Image, If Present -->\r\n\t\t\t\t\t\t\t\t\t\t\t\t\t\t\t<span class=\"ca-icon list-img-1\">\r\n\t\t\t\t\t\t\t\t\t\t\t\t\t\t\t\t\t\t<img decoding=\"async\" src=\"https:\/\/igc.usp.br\/biblioteca\/wp-content\/uploads\/sites\/6\/2018\/11\/bdgex_novo1-150x150.png\" alt=\"Banco de Dados Geogr\u00e1ficos do Ex\u00e9rcito Brasileiro\">\r\n\t\t\t\t\t\t\t\t<\/span>\r\n\t\t\t\t\t\t\t\t\t\t\t\t\t\t<\/a>\r\n\t\t\t\t\t\t\t<a class=\"qcld-con-list\"  href=\"https:\/\/bdgex.eb.mil.br\/\" target=\"_blank\">\r\n\r\n\t\t\t\t\t\t\t<div class=\"qcld-sld-content-dividar visible\"><\/div>\r\n\t\t\t\t\t\t\t<!-- Link Text -->\r\n\t\t\t\t\t\t\t<div class=\"ca-content\">\r\n                                <h3 class=\"ca-main subtitle-absent\">\r\n\t\t\t\t\t\t\t\tBanco de Dados Geogr\u00e1ficos do Ex\u00e9rcito Brasileiro                                <\/h3>\r\n                                \t                                <p class=\"ca-sub\">\r\n\t                                \t                                <\/p>\r\n\t                                                        <\/div>\r\n\r\n\t\t\t\t\t\t<\/a>\r\n\t\t\t\t\t\t\r\n\t\t\t\t\t\t\t<!-- upvote section -->\r\n\t\t\t\t\t\t\t<div class=\"upvote-section style-1-upvote-section\">\r\n\t\t\t\t\t\t\t\t<span data-post-id=\"515\" data-item-title=\"Banco de Dados Geogr\u00e1ficos do Ex\u00e9rcito Brasileiro\" data-item-link=\"https:\/\/bdgex.eb.mil.br\/\" class=\"upvote-btn upvote-on\">\r\n\t\t\t\t\t\t\t\t\t<i class=\"fa fa-thumbs-up\"><\/i>\r\n\t\t\t\t\t\t\t\t<\/span>\r\n\t\t\t\t\t\t\t\t<span class=\"upvote-count\">\r\n\t\t\t\t\t\t\t\t\t1\t\t\t\t\t\t\t\t<\/span>\r\n\t\t\t\t\t\t\t<\/div>\r\n\t\t\t\t\t\t\t<!-- \/upvote section -->\r\n\r\n\t\t\t\t\t\t\t\t\t\t\t\t\r\n\t\t\t\t\t\t\t\t\t\t\t\t\r\n\t\t\t\t\t<\/li>\r\n\t\t\t\t\t\t\t\t\t\t\r\n\t\t\t\t\t<li id=\"item-515-10\" style=\"\">\r\n\t\t\t\t\t\t\t\t\t\t\t\t<!-- List Anchor -->\r\n\t\t\t\t\t\t<a class=\"qcld-con-list-img\"  href=\"https:\/\/www.oldmapsonline.org\" target=\"_blank\">\r\n\r\n\t\t\t\t\t\t\t<!-- Image, If Present -->\r\n\t\t\t\t\t\t\t\t\t\t\t\t\t\t\t<span class=\"ca-icon list-img-1\">\r\n\t\t\t\t\t\t\t\t\t\t\t\t\t\t\t\t\t\t<img decoding=\"async\" src=\"https:\/\/igc.usp.br\/biblioteca\/wp-content\/uploads\/sites\/6\/2018\/11\/screenshot-www.oldmapsonline.org-2018.11.08-16-41-14-150x150.png\" alt=\"Old Maps Online\">\r\n\t\t\t\t\t\t\t\t<\/span>\r\n\t\t\t\t\t\t\t\t\t\t\t\t\t\t<\/a>\r\n\t\t\t\t\t\t\t<a class=\"qcld-con-list\"  href=\"https:\/\/www.oldmapsonline.org\" target=\"_blank\">\r\n\r\n\t\t\t\t\t\t\t<div class=\"qcld-sld-content-dividar visible\"><\/div>\r\n\t\t\t\t\t\t\t<!-- Link Text -->\r\n\t\t\t\t\t\t\t<div class=\"ca-content\">\r\n                                <h3 class=\"ca-main subtitle-present\">\r\n\t\t\t\t\t\t\t\tOld Maps Online                                <\/h3>\r\n                                \t                                <p class=\"ca-sub\">\r\n\t                                Discovering the Cartography of the Past\t                                <\/p>\r\n\t                                                        <\/div>\r\n\r\n\t\t\t\t\t\t<\/a>\r\n\t\t\t\t\t\t\r\n\t\t\t\t\t\t\t<!-- upvote section -->\r\n\t\t\t\t\t\t\t<div class=\"upvote-section style-1-upvote-section\">\r\n\t\t\t\t\t\t\t\t<span data-post-id=\"515\" data-item-title=\"Old Maps Online\" data-item-link=\"https:\/\/www.oldmapsonline.org\" class=\"upvote-btn upvote-on\">\r\n\t\t\t\t\t\t\t\t\t<i class=\"fa fa-thumbs-up\"><\/i>\r\n\t\t\t\t\t\t\t\t<\/span>\r\n\t\t\t\t\t\t\t\t<span class=\"upvote-count\">\r\n\t\t\t\t\t\t\t\t\t\t\t\t\t\t\t\t\t<\/span>\r\n\t\t\t\t\t\t\t<\/div>\r\n\t\t\t\t\t\t\t<!-- \/upvote section -->\r\n\r\n\t\t\t\t\t\t\t\t\t\t\t\t\r\n\t\t\t\t\t\t\t\t\t\t\t\t\r\n\t\t\t\t\t<\/li>\r\n\t\t\t\t\t\t\t\t\t\t\r\n\t\t\t\t\t<li id=\"item-515-11\" style=\"\">\r\n\t\t\t\t\t\t\t\t\t\t\t\t<!-- List Anchor -->\r\n\t\t\t\t\t\t<a class=\"qcld-con-list-img\"  href=\"https:\/\/digital.library.illinois.edu\/collections\/810d3fa0-e3fb-012f-c5b6-0019b9e633c5-a\" target=\"_blank\">\r\n\r\n\t\t\t\t\t\t\t<!-- Image, If Present -->\r\n\t\t\t\t\t\t\t\t\t\t\t\t\t\t\t<span class=\"ca-icon list-img-1\">\r\n\t\t\t\t\t\t\t\t\t\t\t\t\t\t\t\t\t\t<img decoding=\"async\" src=\"https:\/\/igc.usp.br\/biblioteca\/wp-content\/uploads\/sites\/6\/2018\/11\/screenshot-digital.library.illinois.edu-2018.11.08-16-41-31-150x150.png\" alt=\"Historical Maps Online\">\r\n\t\t\t\t\t\t\t\t<\/span>\r\n\t\t\t\t\t\t\t\t\t\t\t\t\t\t<\/a>\r\n\t\t\t\t\t\t\t<a class=\"qcld-con-list\"  href=\"https:\/\/digital.library.illinois.edu\/collections\/810d3fa0-e3fb-012f-c5b6-0019b9e633c5-a\" target=\"_blank\">\r\n\r\n\t\t\t\t\t\t\t<div class=\"qcld-sld-content-dividar visible\"><\/div>\r\n\t\t\t\t\t\t\t<!-- Link Text -->\r\n\t\t\t\t\t\t\t<div class=\"ca-content\">\r\n                                <h3 class=\"ca-main subtitle-present\">\r\n\t\t\t\t\t\t\t\tHistorical Maps Online                                <\/h3>\r\n                                \t                                <p class=\"ca-sub\">\r\n\t                                University of Illinois at Urbana Champaign\t                                <\/p>\r\n\t                                                        <\/div>\r\n\r\n\t\t\t\t\t\t<\/a>\r\n\t\t\t\t\t\t\r\n\t\t\t\t\t\t\t<!-- upvote section -->\r\n\t\t\t\t\t\t\t<div class=\"upvote-section style-1-upvote-section\">\r\n\t\t\t\t\t\t\t\t<span data-post-id=\"515\" data-item-title=\"Historical Maps Online\" data-item-link=\"https:\/\/digital.library.illinois.edu\/collections\/810d3fa0-e3fb-012f-c5b6-0019b9e633c5-a\" class=\"upvote-btn upvote-on\">\r\n\t\t\t\t\t\t\t\t\t<i class=\"fa fa-thumbs-up\"><\/i>\r\n\t\t\t\t\t\t\t\t<\/span>\r\n\t\t\t\t\t\t\t\t<span class=\"upvote-count\">\r\n\t\t\t\t\t\t\t\t\t\t\t\t\t\t\t\t\t<\/span>\r\n\t\t\t\t\t\t\t<\/div>\r\n\t\t\t\t\t\t\t<!-- \/upvote section -->\r\n\r\n\t\t\t\t\t\t\t\t\t\t\t\t\r\n\t\t\t\t\t\t\t\t\t\t\t\t\r\n\t\t\t\t\t<\/li>\r\n\t\t\t\t\t\t\t\t\t\t\r\n\t\t\t\t\t<li id=\"item-515-12\" style=\"\">\r\n\t\t\t\t\t\t\t\t\t\t\t\t<!-- List Anchor -->\r\n\t\t\t\t\t\t<a class=\"qcld-con-list-img\"  href=\"https:\/\/legacy.lib.utexas.edu\/maps\/americas.html\" target=\"_blank\">\r\n\r\n\t\t\t\t\t\t\t<!-- Image, If Present -->\r\n\t\t\t\t\t\t\t\t\t\t\t\t\t\t\t<span class=\"ca-icon list-img-1\">\r\n\t\t\t\t\t\t\t\t\t\t\t\t\t\t\t\t\t\t<img decoding=\"async\" src=\"https:\/\/igc.usp.br\/biblioteca\/wp-content\/uploads\/sites\/6\/2018\/11\/screenshot-legacy.lib_.utexas.edu-2018.11.08-16-41-45-150x150.png\" alt=\"Perry-Casta\u00f1eda Library Map Collection\">\r\n\t\t\t\t\t\t\t\t<\/span>\r\n\t\t\t\t\t\t\t\t\t\t\t\t\t\t<\/a>\r\n\t\t\t\t\t\t\t<a class=\"qcld-con-list\"  href=\"https:\/\/legacy.lib.utexas.edu\/maps\/americas.html\" target=\"_blank\">\r\n\r\n\t\t\t\t\t\t\t<div class=\"qcld-sld-content-dividar visible\"><\/div>\r\n\t\t\t\t\t\t\t<!-- Link Text -->\r\n\t\t\t\t\t\t\t<div class=\"ca-content\">\r\n                                <h3 class=\"ca-main subtitle-present\">\r\n\t\t\t\t\t\t\t\tPerry-Casta\u00f1eda Library Map Collection                                <\/h3>\r\n                                \t                                <p class=\"ca-sub\">\r\n\t                                University of Texas at Austin\t                                <\/p>\r\n\t                                                        <\/div>\r\n\r\n\t\t\t\t\t\t<\/a>\r\n\t\t\t\t\t\t\r\n\t\t\t\t\t\t\t<!-- upvote section -->\r\n\t\t\t\t\t\t\t<div class=\"upvote-section style-1-upvote-section\">\r\n\t\t\t\t\t\t\t\t<span data-post-id=\"515\" data-item-title=\"Perry-Casta\u00f1eda Library Map Collection\" data-item-link=\"https:\/\/legacy.lib.utexas.edu\/maps\/americas.html\" class=\"upvote-btn upvote-on\">\r\n\t\t\t\t\t\t\t\t\t<i class=\"fa fa-thumbs-up\"><\/i>\r\n\t\t\t\t\t\t\t\t<\/span>\r\n\t\t\t\t\t\t\t\t<span class=\"upvote-count\">\r\n\t\t\t\t\t\t\t\t\t\t\t\t\t\t\t\t\t<\/span>\r\n\t\t\t\t\t\t\t<\/div>\r\n\t\t\t\t\t\t\t<!-- \/upvote section -->\r\n\r\n\t\t\t\t\t\t\t\t\t\t\t\t\r\n\t\t\t\t\t\t\t\t\t\t\t\t\r\n\t\t\t\t\t<\/li>\r\n\t\t\t\t\t\t\t\t\t<\/ul>\r\n\r\n\t\t\t<\/div>\r\n\t\t<\/div>\r\n\r\n\t\t\r\n\t\t<div class=\"sld-clearfix\"><\/div>\r\n\t\t\t<\/div>\r\n\t\t<div class=\"sld-clearfix\"><\/div>\r\n\t<\/div><\/div>\n","protected":false},"excerpt":{"rendered":"<p>Lista selecionada com as principais bases de mapas:<\/p>\n","protected":false},"author":6,"featured_media":0,"parent":215,"menu_order":3,"comment_status":"closed","ping_status":"closed","template":"","meta":{"_acf_changed":false,"om_disable_all_campaigns":false,"_monsterinsights_skip_tracking":false,"_monsterinsights_sitenote_active":false,"_monsterinsights_sitenote_note":"","_monsterinsights_sitenote_category":0,"_uf_show_specific_survey":0,"_uf_disable_surveys":false,"footnotes":"","_links_to":"","_links_to_target":""},"class_list":["post-1258","page","type-page","status-publish","hentry"],"acf":[],"aioseo_notices":[],"publishpress_future_action":{"enabled":false,"date":"2026-05-24 01:12:31","action":"change-status","newStatus":"draft","terms":[],"taxonomy":"language","extraData":[]},"publishpress_future_workflow_manual_trigger":{"enabledWorkflows":[]},"_links":{"self":[{"href":"https:\/\/igc.usp.br\/biblioteca\/wp-json\/wp\/v2\/pages\/1258","targetHints":{"allow":["GET"]}}],"collection":[{"href":"https:\/\/igc.usp.br\/biblioteca\/wp-json\/wp\/v2\/pages"}],"about":[{"href":"https:\/\/igc.usp.br\/biblioteca\/wp-json\/wp\/v2\/types\/page"}],"author":[{"embeddable":true,"href":"https:\/\/igc.usp.br\/biblioteca\/wp-json\/wp\/v2\/users\/6"}],"replies":[{"embeddable":true,"href":"https:\/\/igc.usp.br\/biblioteca\/wp-json\/wp\/v2\/comments?post=1258"}],"version-history":[{"count":5,"href":"https:\/\/igc.usp.br\/biblioteca\/wp-json\/wp\/v2\/pages\/1258\/revisions"}],"predecessor-version":[{"id":1263,"href":"https:\/\/igc.usp.br\/biblioteca\/wp-json\/wp\/v2\/pages\/1258\/revisions\/1263"}],"up":[{"embeddable":true,"href":"https:\/\/igc.usp.br\/biblioteca\/wp-json\/wp\/v2\/pages\/215"}],"wp:attachment":[{"href":"https:\/\/igc.usp.br\/biblioteca\/wp-json\/wp\/v2\/media?parent=1258"}],"curies":[{"name":"wp","href":"https:\/\/api.w.org\/{rel}","templated":true}]}}