{"id":52,"date":"2020-07-21T15:40:17","date_gmt":"2020-07-21T18:40:17","guid":{"rendered":"http:\/\/igc.usp.br\/acolhimento\/?page_id=52"},"modified":"2020-08-20T22:26:14","modified_gmt":"2020-08-21T01:26:14","slug":"origem","status":"publish","type":"page","link":"https:\/\/igc.usp.br\/acolhimento\/origem\/","title":{"rendered":"Origem"},"content":{"rendered":"\n<p>O Projeto Acolhimento, elaborado por Rosana de C\u00e1ssia de Oliveira Oba, foi intitulado \u201c<strong>AcolheGeo<\/strong>\u201d, pois as palavras \u201c<em>Acolhe<\/em>\u201d d\u00e1 ideia da a\u00e7\u00e3o do acolhimento e \u201c<em>Geo<\/em>\u201d pelo projeto estar sendo implementado no Instituto de Geoci\u00eancias.<\/p>\n\n\n\n<p>As imagens e cores que representam o Projeto Acolhimento e compor\u00e3o o logo foram escolhidos devido \u00e0 simbologia desses elementos. A variedade de cores representa a diversidade humana, as m\u00e3os expressam o acolhimento e o c\u00edrculo simboliza a roda da vida\/ciclos, o movimento, a harmonia, o equil\u00edbrio, a integra\u00e7\u00e3o, a fluidez, o inespacial, o atemporal, a totalidade e a Unidade.<\/p>\n\n\n\n<p>A concep\u00e7\u00e3o do Projeto Acolhimento surgiu da necessidade de melhorar, promover o acolhimento, a empatia, a integra\u00e7\u00e3o, o sentimento de pertencimento , bem estar, assim como, proporcionar uma rela\u00e7\u00e3o mais solid\u00e1ria e respeitosa, possibilitando \u00e0s pessoas as condi\u00e7\u00f5es para um melhor e maior desenvolvimento, tendo como origem tr\u00eas fatores relevantes, observados pela autora do projeto:<\/p>\n\n\n\n<ul class=\"wp-block-list\"><li>A experi\u00eancia desses 37 anos na USP verificou-se a falta de iniciativas de acolhimento pela universidade, por meio de muitos relatos dos membros da comunidade universit\u00e1ria, principalmente, por parte dos discentes. Uma vez que o ingresso no ambiente universit\u00e1rio implica uma s\u00e9rie de transforma\u00e7\u00f5es na vida dos jovens estudantes.<\/li><li>Verifica\u00e7\u00e3o da import\u00e2ncia do sentimento de perten\u00e7a, constatado em pesquisa realizada na elabora\u00e7\u00e3o da monografia apresentada ao curso de especializa\u00e7\u00e3o da ECA, em 2008.<\/li><li>Com a finalidade de suprir essa lacuna, o artigo apresentado para conclus\u00e3o do curso de especializa\u00e7\u00e3o em Gest\u00e3o de Terapias Integrativas e Complementares, FACEAT\/IDEPES, teve como um dos objetivos a elabora\u00e7\u00e3o do Projeto Acolhimento.<\/li><\/ul>\n","protected":false},"excerpt":{"rendered":"<p>O Projeto Acolhimento, elaborado por Rosana de C\u00e1ssia de Oliveira Oba, foi intitulado \u201cAcolheGeo\u201d, pois as palavras \u201cAcolhe\u201d d\u00e1 ideia da a\u00e7\u00e3o do acolhimento e \u201cGeo\u201d pelo projeto estar sendo implementado no Instituto de Geoci\u00eancias.<\/p>\n","protected":false},"author":6,"featured_media":0,"parent":0,"menu_order":4,"comment_status":"closed","ping_status":"closed","template":"","meta":{"_acf_changed":false,"om_disable_all_campaigns":false,"_monsterinsights_skip_tracking":false,"_monsterinsights_sitenote_active":false,"_monsterinsights_sitenote_note":"","_monsterinsights_sitenote_category":0,"_uf_show_specific_survey":0,"_uf_disable_surveys":false,"footnotes":"","_links_to":"","_links_to_target":""},"class_list":["post-52","page","type-page","status-publish","hentry"],"acf":[],"aioseo_notices":[],"publishpress_future_action":{"enabled":false,"date":"2026-04-23 18:19:14","action":"change-status","newStatus":"draft","terms":[],"taxonomy":"language","extraData":[]},"publishpress_future_workflow_manual_trigger":{"enabledWorkflows":[]},"_links":{"self":[{"href":"https:\/\/igc.usp.br\/acolhimento\/wp-json\/wp\/v2\/pages\/52","targetHints":{"allow":["GET"]}}],"collection":[{"href":"https:\/\/igc.usp.br\/acolhimento\/wp-json\/wp\/v2\/pages"}],"about":[{"href":"https:\/\/igc.usp.br\/acolhimento\/wp-json\/wp\/v2\/types\/page"}],"author":[{"embeddable":true,"href":"https:\/\/igc.usp.br\/acolhimento\/wp-json\/wp\/v2\/users\/6"}],"replies":[{"embeddable":true,"href":"https:\/\/igc.usp.br\/acolhimento\/wp-json\/wp\/v2\/comments?post=52"}],"version-history":[{"count":3,"href":"https:\/\/igc.usp.br\/acolhimento\/wp-json\/wp\/v2\/pages\/52\/revisions"}],"predecessor-version":[{"id":102,"href":"https:\/\/igc.usp.br\/acolhimento\/wp-json\/wp\/v2\/pages\/52\/revisions\/102"}],"wp:attachment":[{"href":"https:\/\/igc.usp.br\/acolhimento\/wp-json\/wp\/v2\/media?parent=52"}],"curies":[{"name":"wp","href":"https:\/\/api.w.org\/{rel}","templated":true}]}}